MONTHLY CLIMATOLOGICAL SUMMARY for Jul 2017 NAME: Castelnuovo Bocca d'Adda, Italia ELEV: 55 metri LAT: 45-06.60 N LONG: 009-52.14 E TEMPERATURE (°C), RAIN (mm), WIND SPEED (km/h) HEAT COOL AVG MEAN DEG DEG WIND DOM DAY TEMP HIGH TIME LOW TIME DAYS DAYS RAIN SPEED HIGH TIME DIR --------------------------------------------------------------------------------------- 01 20.4 26.9 19:05 14.7 06:30 0.0 2.1 0.0 3.8 27.4 20:50 359 02 22.4 29.7 20:05 15.8 07:25 0.0 4.0 0.0 3.8 22.5 11:15 281 03 24.5 31.6 21:25 16.9 07:25 0.0 6.2 0.0 2.2 22.5 19:05 352 04 25.2 30.9 18:25 18.4 07:45 0.0 6.8 0.0 4.1 22.5 10:55 111 05 26.6 33.0 19:20 19.9 08:15 0.0 8.3 0.0 2.7 12.9 01:00 81 06 27.6 34.3 19:25 20.6 08:15 0.0 9.2 0.0 2.7 16.1 11:15 327 07 28.0 34.4 19:00 20.4 08:30 0.0 9.6 0.0 3.4 17.7 16:40 285 08 28.6 34.8 19:35 21.9 07:45 0.0 10.3 0.0 2.1 16.1 02:15 32 09 27.7 33.1 17:25 23.3 08:45 0.0 9.4 0.0 4.7 33.8 06:15 92 10 27.1 33.0 18:00 21.2 08:00 0.0 8.7 0.0 3.6 33.8 21:45 280 11 24.7 30.3 16:00 19.9 18:25 0.0 6.4 10.7 3.5 19.3 00:05 325 12 25.3 30.8 19:40 20.3 07:45 0.0 7.0 0.0 2.7 17.7 17:40 332 13 27.2 33.1 19:25 21.7 08:15 0.0 8.9 0.0 5.1 22.5 15:55 108 14 24.3 27.7 00:05 19.2 11:00 0.0 5.9 17.8 5.8 51.5 12:25 117 15 24.5 29.5 18:15 18.9 08:40 0.0 6.2 0.0 1.7 14.5 17:20 119 16 24.1 28.4 17:45 19.4 07:40 0.0 5.8 0.0 6.6 25.7 13:15 117 17 23.9 29.7 16:15 16.7 08:00 0.0 5.6 0.0 2.4 22.5 09:55 105 18 25.5 32.6 18:40 18.2 08:15 0.0 7.1 0.0 1.5 16.1 17:00 74 19 26.1 33.0 18:20 19.2 07:20 0.0 7.8 0.0 2.3 16.1 19:20 330 20 25.7 32.1 20:00 19.4 08:20 0.0 7.4 0.0 3.2 19.3 15:20 354 21 26.3 32.4 17:00 21.0 08:40 0.0 8.0 0.0 3.6 38.6 22:25 95 22 25.9 32.1 21:20 20.4 06:55 0.0 7.6 0.0 5.3 22.5 11:35 300 23 27.2 33.1 20:05 21.6 08:35 0.0 8.9 0.0 4.7 24.1 10:55 300 24 23.3 29.4 14:05 18.2 16:15 0.0 5.0 7.9 3.2 56.3 06:15 72 25 23.3 30.1 19:15 16.8 08:05 0.0 5.0 0.0 5.4 51.5 02:50 302 26 23.0 30.2 20:15 15.6 08:20 0.0 4.7 0.0 8.8 35.4 18:15 294 27 23.4 29.8 20:05 15.6 08:20 0.0 5.0 0.0 3.0 24.1 11:55 359 28 25.1 31.0 18:30 18.3 08:20 0.0 6.7 0.0 3.0 19.3 14:30 35 29 26.2 32.8 19:45 19.8 23:45 0.0 7.9 35.3 2.4 27.4 11:20 107 30 23.6 30.6 19:05 19.2 07:25 0.0 5.3 6.4 2.3 61.2 10:00 33 31 25.5 32.1 19:05 20.8 07:20 0.0 7.1 0.0 3.4 54.7 00:10 343 --------------------------------------------------------------------------------------- 25.2 34.8 08 14.7 01 0.0 213.9 78.0 3.6 61.2 30 10 Updated: 10/17/18 13:15:00