MONTHLY CLIMATOLOGICAL SUMMARY for Jun 2017 NAME: Castelnuovo Bocca d'Adda, Italia ELEV: 55 metri LAT: 45-06.60 N LONG: 009-52.14 E TEMPERATURE (°C), RAIN (mm), WIND SPEED (km/h) HEAT COOL AVG MEAN DEG DEG WIND DOM DAY TEMP HIGH TIME LOW TIME DAYS DAYS RAIN SPEED HIGH TIME DIR --------------------------------------------------------------------------------------- 01 24.6 31.1 17:35 17.1 07:35 0.0 6.2 0.0 3.0 22.5 22:00 266 02 24.8 31.2 18:50 17.8 08:00 0.0 6.4 0.0 2.7 17.7 17:15 274 03 25.1 31.9 18:30 18.2 07:35 0.0 6.7 0.0 2.2 20.9 22:20 193 04 24.1 29.9 20:35 17.8 06:50 0.0 5.7 0.0 2.3 20.9 12:10 39 05 21.0 27.3 17:15 16.7 18:25 0.0 2.7 47.0 3.2 25.7 13:00 113 06 21.0 27.1 19:10 18.2 02:45 0.0 2.7 0.0 4.7 33.8 18:50 221 07 21.1 27.6 19:10 15.1 07:55 0.0 2.8 0.0 4.6 30.6 18:05 290 08 20.5 26.2 20:20 14.8 07:15 0.0 2.2 0.0 5.5 35.4 01:35 118 09 21.9 27.3 21:05 15.4 07:50 0.0 3.6 0.0 1.3 11.3 15:30 75 10 24.2 30.7 18:45 17.9 08:15 0.0 5.9 0.0 2.4 16.1 16:45 193 11 25.4 32.1 18:40 19.1 06:35 0.0 7.1 0.0 3.3 19.3 14:30 106 12 26.2 33.2 19:25 19.5 07:50 0.0 7.9 0.0 2.0 16.1 15:50 77 13 27.4 33.7 19:25 20.8 08:05 0.0 9.1 0.0 2.2 19.3 17:25 54 14 27.1 32.6 18:30 20.6 23:45 0.0 8.8 47.8 2.1 17.7 15:10 78 15 23.9 29.8 19:10 19.5 08:10 0.0 5.6 4.3 2.0 57.9 03:20 98 16 26.9 33.2 19:25 21.4 07:45 0.0 8.6 0.0 3.3 20.9 20:35 284 17 27.2 33.2 18:35 22.3 08:25 0.0 8.9 0.0 2.8 16.1 03:50 107 18 24.8 29.2 16:50 19.8 08:25 0.0 6.5 0.0 8.1 30.6 00:45 111 19 24.7 31.7 18:35 17.1 07:45 0.0 6.3 0.0 2.2 17.7 13:30 90 20 26.4 33.4 19:25 19.1 07:30 0.0 8.0 0.0 1.8 17.7 23:15 326 21 27.1 34.0 19:15 20.5 08:10 0.0 8.7 0.0 2.2 16.1 16:10 297 22 28.2 35.6 20:05 22.0 08:15 0.0 9.8 0.0 2.8 17.7 04:20 298 23 28.4 34.8 19:25 21.7 08:10 0.0 10.1 0.0 6.9 27.4 13:30 290 24 28.6 34.4 18:25 22.2 07:40 0.0 10.2 0.0 2.7 19.3 23:55 18 25 26.3 31.7 19:30 21.4 11:15 0.0 7.9 0.0 4.0 35.4 10:05 47 26 25.2 31.9 18:50 21.0 07:45 0.0 6.9 0.0 4.2 33.8 21:10 112 27 23.9 29.1 20:25 20.2 07:00 0.0 5.6 0.8 5.1 61.2 10:40 313 28 23.1 29.6 14:05 17.4 23:40 0.0 4.7 11.9 9.2 53.1 16:25 127 29 21.2 26.8 16:45 16.9 01:20 0.0 2.8 1.5 7.4 59.5 19:15 222 30 22.2 26.2 17:05 16.7 08:35 0.0 3.9 0.0 6.3 37.0 02:55 211 --------------------------------------------------------------------------------------- 24.7 35.6 22 14.8 08 0.0 192.3 113.3 3.8 61.2 27 126 Updated: 10/17/18 13:15:00