MONTHLY CLIMATOLOGICAL SUMMARY for Apr 2017 NAME: Castelnuovo Bocca d'Adda, Italia ELEV: 55 metri LAT: 45-06.60 N LONG: 009-52.14 E TEMPERATURE (°C), RAIN (mm), WIND SPEED (km/h) HEAT COOL AVG MEAN DEG DEG WIND DOM DAY TEMP HIGH TIME LOW TIME DAYS DAYS RAIN SPEED HIGH TIME DIR --------------------------------------------------------------------------------------- 01 15.9 22.1 18:00 8.9 09:25 2.4 0.0 0.0 4.1 24.1 21:25 102 02 14.1 18.7 19:40 10.7 05:45 4.2 0.0 0.0 4.5 62.8 09:45 101 03 15.9 24.2 19:25 8.6 09:35 2.5 0.0 0.0 5.9 51.5 06:50 295 04 17.4 24.2 18:40 10.1 09:10 0.9 0.0 0.0 3.0 19.3 00:00 82 05 14.0 17.2 18:25 11.6 09:30 4.3 0.0 2.5 4.4 45.1 04:25 101 06 13.8 21.6 19:00 7.8 09:00 4.5 0.0 0.0 3.5 22.5 11:55 272 07 14.4 19.2 16:20 9.2 09:05 4.0 0.0 0.0 3.2 24.1 06:50 105 08 15.4 23.3 19:05 8.0 09:05 2.9 0.0 0.0 2.0 11.3 16:25 105 09 16.9 24.6 19:45 10.3 09:20 1.5 0.0 0.0 1.9 16.1 13:25 114 10 17.9 25.0 19:40 11.3 08:55 0.4 0.0 0.0 1.6 27.4 16:10 125 11 18.4 24.4 19:25 11.7 09:15 0.0 0.0 0.0 2.6 19.3 18:00 125 12 17.5 22.9 19:00 11.9 09:30 0.8 0.0 0.0 4.0 19.3 08:40 119 13 18.0 25.2 19:20 11.4 08:40 0.4 0.0 0.0 4.7 27.4 17:10 285 14 17.7 24.1 18:00 11.4 09:50 0.7 0.0 0.0 2.7 19.3 22:30 266 15 17.3 23.3 17:30 12.8 08:40 1.0 0.0 6.9 3.7 66.0 04:10 105 16 17.2 24.1 19:25 10.9 09:30 1.2 0.0 0.0 5.3 35.4 07:45 280 17 15.3 20.2 20:25 10.1 08:40 3.1 0.0 0.0 7.1 37.0 05:20 107 18 11.3 16.4 15:30 7.6 00:00 7.0 0.0 2.0 5.7 56.3 17:35 122 19 9.6 15.7 16:15 3.3 07:45 8.7 0.0 0.0 5.7 33.8 17:35 295 20 10.5 17.8 19:10 2.5 09:00 7.8 0.0 0.0 5.3 27.4 00:35 239 21 11.5 18.1 20:35 4.4 08:25 6.8 0.0 0.0 3.9 24.1 02:05 101 22 13.5 22.5 19:35 5.1 08:30 4.8 0.0 0.0 2.4 22.5 15:35 238 23 15.4 22.4 18:20 8.3 08:20 3.0 0.0 0.0 3.8 25.7 21:25 108 24 15.3 18.9 15:30 11.4 08:30 3.0 0.0 0.0 4.8 27.4 01:25 105 25 16.1 21.7 19:20 12.1 08:30 2.2 0.0 0.0 5.0 33.8 19:25 132 26 13.8 16.7 00:30 12.3 11:00 4.6 0.0 8.1 4.8 32.2 19:00 122 27 14.1 16.8 16:15 12.0 23:45 4.3 0.0 2.3 1.4 69.2 18:45 115 28 12.4 17.1 19:30 8.7 12:45 6.0 0.0 0.0 8.2 43.5 07:25 242 29 12.2 18.8 18:35 5.2 08:20 6.1 0.0 0.0 3.1 20.9 18:55 109 30 13.4 19.8 19:05 6.1 08:20 4.9 0.0 0.0 3.8 27.4 15:05 117 --------------------------------------------------------------------------------------- 14.9 25.2 13 2.5 20 103.9 0.0 21.8 4.1 69.2 27 127 Updated: 10/17/18 13:15:00