MONTHLY CLIMATOLOGICAL SUMMARY for Mar 2017 NAME: Castelnuovo Bocca d'Adda, Italia ELEV: 55 metri LAT: 45-06.60 N LONG: 009-52.14 E TEMPERATURE (°C), RAIN (mm), WIND SPEED (km/h) HEAT COOL AVG MEAN DEG DEG WIND DOM DAY TEMP HIGH TIME LOW TIME DAYS DAYS RAIN SPEED HIGH TIME DIR --------------------------------------------------------------------------------------- 01 11.3 16.7 17:05 6.9 08:25 7.0 0.0 0.0 11.9 45.1 02:45 275 02 9.3 15.9 16:45 2.9 06:45 9.1 0.0 0.0 1.8 11.3 01:20 116 03 8.6 11.8 14:35 6.2 06:05 9.7 0.0 1.0 3.2 19.3 12:45 51 04 9.3 12.3 18:05 7.1 04:10 9.0 0.0 6.9 3.1 46.7 02:40 137 05 11.3 16.4 16:45 7.7 09:15 7.0 0.0 0.0 3.9 32.2 00:15 225 06 9.5 14.8 16:00 4.8 07:45 8.9 0.0 0.3 4.0 40.2 20:50 42 07 10.6 17.3 16:05 5.1 05:20 7.7 0.0 0.0 9.7 53.1 00:50 307 08 9.9 16.4 14:45 3.1 07:20 8.4 0.0 0.0 3.4 16.1 10:45 273 09 10.9 19.3 17:55 4.3 07:55 7.5 0.0 0.0 2.4 16.1 11:20 249 10 14.2 23.1 16:25 6.8 04:05 4.1 0.0 0.0 4.8 25.7 11:30 307 11 11.0 16.6 16:15 4.4 07:45 7.3 0.0 0.0 5.4 24.1 11:25 110 12 10.3 15.7 15:35 5.1 07:55 8.0 0.0 0.0 4.0 25.7 14:10 114 13 9.4 15.7 16:55 3.6 07:40 9.0 0.0 0.0 2.6 17.7 13:05 101 14 11.4 19.2 18:05 4.9 05:45 7.0 0.0 0.0 2.7 17.7 13:35 275 15 12.3 18.2 17:10 6.2 07:05 6.0 0.0 0.0 3.9 22.5 12:05 109 16 12.4 20.3 17:05 5.2 07:50 5.9 0.0 0.0 1.3 14.5 11:40 52 17 13.3 21.6 17:00 6.1 08:00 5.0 0.0 0.0 2.8 17.7 14:40 284 18 13.0 20.3 17:05 7.2 06:35 5.3 0.0 0.0 4.1 57.9 04:55 299 19 12.9 18.7 17:05 7.0 07:35 5.4 0.0 0.0 3.1 51.5 04:30 120 20 13.2 18.9 16:35 8.6 07:00 5.1 0.0 0.0 1.8 62.8 08:15 107 21 14.8 18.7 15:45 12.5 07:35 3.6 0.0 0.0 5.4 27.4 02:20 110 22 13.2 17.9 17:15 10.1 06:15 5.2 0.0 0.0 7.4 54.7 03:30 119 23 12.8 15.6 17:00 10.4 05:55 5.5 0.0 1.3 4.1 62.8 20:15 116 24 13.3 16.9 15:00 10.9 04:45 5.1 0.0 0.5 4.2 22.5 18:30 308 25 13.1 20.5 15:30 7.7 06:35 5.2 0.0 7.1 2.5 49.9 09:55 126 26 12.8 17.1 18:10 8.9 09:30 5.5 0.0 4.3 5.2 45.1 09:10 353 27 11.5 16.6 20:20 7.1 08:10 6.8 0.0 0.0 5.1 33.8 00:45 107 28 12.1 20.4 20:25 5.1 08:50 6.3 0.0 0.0 2.2 16.1 17:15 279 29 14.7 23.7 20:20 7.5 09:50 3.6 0.0 0.0 2.7 14.5 10:55 286 30 16.6 25.2 18:25 9.2 09:20 1.7 0.0 0.0 1.6 11.3 12:30 278 31 17.2 25.4 19:30 9.4 09:00 1.1 0.0 0.0 1.7 17.7 13:55 101 --------------------------------------------------------------------------------------- 12.1 25.4 31 2.9 02 192.1 0.0 21.3 3.9 62.8 20 116 Updated: 10/17/18 13:15:00