MONTHLY CLIMATOLOGICAL SUMMARY for Jan 2017 NAME: Castelnuovo Bocca d'Adda, Italia ELEV: 55 metri LAT: 45-06.60 N LONG: 009-52.14 E TEMPERATURE (°C), RAIN (mm), WIND SPEED (km/h) HEAT COOL AVG MEAN DEG DEG WIND DOM DAY TEMP HIGH TIME LOW TIME DAYS DAYS RAIN SPEED HIGH TIME DIR --------------------------------------------------------------------------------------- 01 -0.2 5.3 16:45 -4.3 09:00 18.5 0.0 0.3 1.1 46.7 19:20 272 02 2.2 7.1 14:30 -2.1 01:30 16.2 0.0 0.0 1.4 41.8 00:25 304 03 3.0 7.3 15:45 -0.3 07:25 15.3 0.0 0.3 1.8 51.5 05:25 29 04 2.2 6.9 16:50 -1.4 09:15 16.1 0.0 0.3 3.6 32.2 11:55 283 05 4.3 8.7 14:35 -1.1 04:10 14.1 0.0 0.0 9.7 59.5 02:35 335 06 0.0 5.4 15:40 -4.6 08:55 18.3 0.0 0.0 2.6 16.1 14:50 186 07 -2.2 2.3 15:15 -6.2 08:55 20.5 0.0 0.0 0.9 8.0 14:30 112 08 -1.6 0.5 16:25 -3.3 23:45 19.9 0.0 0.0 2.0 20.9 15:10 107 09 -1.5 3.9 16:40 -4.8 04:05 19.8 0.0 0.0 3.7 22.5 06:50 282 10 -1.3 0.4 20:40 -3.7 06:55 19.7 0.0 0.0 3.6 48.3 00:25 114 11 -0.8 0.4 16:40 -1.8 08:55 19.2 0.0 0.0 4.7 22.5 04:35 104 12 -0.3 1.5 14:30 -2.4 03:50 18.6 0.0 0.0 4.9 59.5 12:25 131 13 1.3 5.3 20:00 -1.2 08:40 17.0 0.0 0.0 7.4 51.5 14:00 300 14 3.5 7.7 16:05 -1.2 09:05 14.8 0.0 0.0 10.1 35.4 12:25 290 15 2.5 7.7 17:15 -0.9 07:45 15.9 0.0 0.0 2.4 56.3 07:10 160 16 0.1 5.6 13:35 -4.5 09:00 18.2 0.0 0.0 1.2 32.2 02:00 235 17 1.3 6.6 16:15 -1.6 04:00 17.0 0.0 0.0 1.5 11.3 00:25 318 18 1.3 6.2 16:10 -2.7 07:25 17.0 0.0 0.0 2.5 62.8 04:35 321 19 2.4 7.2 14:15 -1.6 08:50 16.0 0.0 0.0 1.7 17.7 15:20 130 20 1.1 7.0 16:35 -3.7 09:00 17.2 0.0 0.0 1.3 51.5 09:00 355 21 0.5 7.4 16:00 -4.4 08:45 17.8 0.0 0.0 1.0 56.3 22:45 47 22 1.3 8.4 16:30 -4.0 08:10 17.0 0.0 0.0 1.4 46.7 23:50 116 23 2.5 7.8 16:50 -1.3 02:50 15.9 0.0 0.0 2.0 56.3 01:10 241 24 4.0 10.2 16:10 -0.1 08:30 14.4 0.0 0.0 2.4 22.5 23:30 293 25 3.0 9.2 14:45 -1.1 08:55 15.3 0.0 0.0 2.7 59.5 01:30 110 26 0.7 6.3 16:30 -3.9 08:30 17.7 0.0 0.0 4.4 30.6 09:30 120 27 1.3 5.7 16:00 -3.1 07:25 17.0 0.0 0.0 2.7 61.2 00:30 92 28 1.3 5.6 15:10 -2.5 08:55 17.1 0.0 0.0 1.1 38.6 09:45 212 29 1.3 7.0 15:30 -3.3 08:50 17.0 0.0 0.0 1.0 56.3 21:35 159 30 1.8 5.6 16:55 -2.3 03:55 16.6 0.0 0.0 0.1 9.7 15:40 233 31 3.0 3.8 17:05 2.4 09:45 15.3 0.0 1.0 1.0 62.8 16:45 273 --------------------------------------------------------------------------------------- 1.2 10.2 24 -6.2 07 530.4 0.0 1.8 2.8 62.8 18 305 Updated: 10/17/18 13:15:00