MONTHLY CLIMATOLOGICAL SUMMARY for Dec 2016 NAME: Castelnuovo Bocca d'Adda, Italia ELEV: 55 metri LAT: 45-06.60 N LONG: 009-52.14 E TEMPERATURE (°C), RAIN (mm), WIND SPEED (km/h) HEAT COOL AVG MEAN DEG DEG WIND DOM DAY TEMP HIGH TIME LOW TIME DAYS DAYS RAIN SPEED HIGH TIME DIR --------------------------------------------------------------------------------------- 01 4.2 9.1 15:55 1.2 05:00 14.1 0.0 0.0 2.4 56.3 10:45 251 02 5.7 12.3 15:50 0.1 06:15 12.6 0.0 0.0 0.8 37.0 09:50 135 03 6.2 9.2 13:35 3.5 03:10 12.1 0.0 0.0 0.9 40.2 18:55 142 04 7.6 9.3 15:55 6.4 02:40 10.7 0.0 0.0 1.3 59.5 02:35 248 05 6.1 7.6 00:05 3.6 10:05 12.2 0.0 0.0 0.5 61.2 17:10 309 06 5.3 6.4 04:10 1.3 23:30 13.0 0.0 0.0 0.0 0.0 00:05 90 07 1.1 3.4 15:10 -0.9 06:35 17.2 0.0 0.5 0.9 61.2 16:45 351 08 1.7 5.1 15:45 -0.3 09:50 16.6 0.0 0.5 0.2 25.7 15:15 248 09 0.9 2.7 16:20 -0.6 08:55 17.4 0.0 0.3 0.3 53.1 23:40 127 10 0.8 2.4 15:35 -0.8 09:15 17.5 0.0 0.3 0.3 38.6 21:15 131 11 1.1 3.3 16:10 -0.7 05:15 17.2 0.0 0.3 0.0 0.0 00:05 90 12 2.1 3.2 14:35 1.1 06:10 16.2 0.0 0.0 0.4 61.2 03:10 135 13 2.3 3.1 17:15 1.1 09:20 16.1 0.0 0.3 0.7 59.5 20:50 236 14 2.0 3.1 16:20 0.5 09:50 16.4 0.0 0.0 0.0 0.0 00:05 90 15 1.3 1.8 15:45 0.7 09:55 17.1 0.0 0.0 0.4 54.7 11:20 6 16 2.4 3.9 19:30 0.8 00:15 15.9 0.0 0.0 0.4 38.6 03:50 292 17 0.4 2.8 00:05 -1.6 04:55 18.0 0.0 0.3 0.0 0.0 00:05 90 18 0.0 1.0 16:10 -0.7 08:55 18.3 0.0 0.0 0.2 51.5 15:10 315 19 0.3 1.6 18:40 -1.4 07:10 18.0 0.0 0.8 0.6 56.3 01:20 33 20 4.0 6.2 22:20 1.2 00:05 14.4 0.0 1.5 0.0 0.0 00:05 90 21 7.0 10.6 15:35 4.6 23:55 11.3 0.0 0.5 1.7 33.8 19:10 286 22 3.2 8.6 16:15 -0.1 08:15 15.2 0.0 0.3 1.7 61.2 14:15 9 23 1.9 8.5 15:25 -1.3 06:55 16.5 0.0 0.3 1.7 19.3 11:55 295 24 3.2 8.7 16:00 -0.4 00:50 15.1 0.0 0.3 2.0 35.4 06:00 281 25 3.7 8.6 15:50 0.5 08:55 14.6 0.0 0.0 2.1 61.2 22:40 293 26 5.2 10.6 15:30 1.4 07:10 13.1 0.0 0.0 1.2 61.2 11:25 273 27 7.4 14.2 15:40 0.8 08:15 10.9 0.0 0.3 3.9 46.7 11:20 294 28 5.1 11.6 17:00 0.4 09:20 13.2 0.0 0.0 3.3 59.5 09:00 278 29 4.3 9.9 15:05 0.5 09:35 14.0 0.0 0.0 3.2 62.8 22:55 143 30 1.0 5.9 16:25 -3.3 09:55 17.3 0.0 0.3 1.5 61.2 19:20 260 31 1.3 6.3 16:20 -1.7 08:50 17.0 0.0 0.3 1.3 46.7 00:00 271 --------------------------------------------------------------------------------------- 3.2 14.2 27 -3.3 30 469.3 0.0 6.6 1.1 62.8 29 276 Updated: 10/17/18 13:15:00