MONTHLY CLIMATOLOGICAL SUMMARY for Nov 2016 NAME: Castelnuovo Bocca d'Adda, Italia ELEV: 55 metri LAT: 45-06.60 N LONG: 009-52.14 E TEMPERATURE (°C), RAIN (mm), WIND SPEED (km/h) HEAT COOL AVG MEAN DEG DEG WIND DOM DAY TEMP HIGH TIME LOW TIME DAYS DAYS RAIN SPEED HIGH TIME DIR --------------------------------------------------------------------------------------- 01 11.3 14.3 16:50 9.0 06:00 7.1 0.0 0.0 1.2 57.9 11:35 317 02 12.9 16.1 16:00 10.8 03:50 5.4 0.0 0.0 3.3 57.9 07:05 279 03 11.5 14.3 14:40 8.7 03:10 6.8 0.0 0.0 2.7 53.1 12:25 110 04 10.9 13.5 14:15 7.8 07:45 7.5 0.0 0.0 1.8 16.1 01:00 110 05 9.8 11.3 00:05 9.1 06:25 8.6 0.0 31.5 1.0 62.8 12:45 83 06 10.4 12.4 16:20 9.4 00:10 7.9 0.0 0.3 2.1 62.8 19:55 284 07 9.0 14.2 16:45 4.8 08:55 9.3 0.0 0.3 2.3 57.9 08:05 296 08 7.0 12.5 15:20 3.5 07:15 11.3 0.0 0.0 2.2 61.2 02:35 284 09 5.4 8.9 14:00 1.2 08:25 13.0 0.0 0.5 0.9 32.2 11:20 312 10 5.9 10.6 16:20 2.0 09:10 12.4 0.0 0.0 1.6 17.7 13:00 251 11 6.1 8.1 17:40 4.8 04:35 12.3 0.0 0.5 2.5 69.2 11:45 259 12 6.8 14.0 16:45 0.8 08:30 11.5 0.0 0.0 4.1 62.8 01:40 288 13 6.5 11.1 14:40 2.9 04:30 11.8 0.0 0.0 2.2 17.7 16:25 119 14 7.4 8.9 14:50 6.6 20:35 11.0 0.0 0.3 2.6 53.1 19:40 113 15 5.9 9.9 14:20 2.8 08:35 12.4 0.0 0.0 1.9 59.5 00:15 82 16 5.0 9.9 15:30 1.1 06:45 13.3 0.0 0.0 0.5 56.3 01:20 351 17 6.6 10.2 15:10 2.6 05:40 11.7 0.0 0.0 0.8 51.5 03:20 67 18 8.5 10.3 15:45 7.2 08:15 9.8 0.0 0.0 1.4 62.8 00:55 16 19 8.2 9.2 16:35 7.3 08:50 10.2 0.0 1.3 0.3 38.6 22:20 298 20 7.7 8.4 13:40 6.7 06:00 10.6 0.0 0.0 0.9 62.8 04:55 209 21 9.1 10.1 16:40 8.1 00:15 9.2 0.0 3.8 0.2 37.0 04:40 248 22 10.5 12.3 15:55 9.5 08:30 7.8 0.0 7.6 0.6 61.2 10:15 59 23 12.4 14.0 21:45 10.4 01:45 5.9 0.0 0.3 0.5 49.9 06:40 20 24 14.0 14.8 17:55 13.4 05:35 4.4 0.0 5.3 0.0 0.0 00:05 90 25 14.2 15.0 15:35 12.8 23:55 4.1 0.0 3.6 1.4 24.1 15:25 101 26 12.2 14.5 15:55 9.2 23:50 6.1 0.0 2.0 3.0 35.4 10:30 292 27 9.2 14.2 15:00 6.3 08:00 9.1 0.0 0.8 1.4 59.5 08:10 287 28 8.2 9.9 15:30 6.9 04:45 10.1 0.0 1.8 4.9 61.2 03:45 113 29 5.4 7.5 14:55 1.7 23:55 13.0 0.0 0.0 7.4 41.8 02:25 117 30 3.1 7.8 15:40 -0.4 09:00 15.3 0.0 0.0 4.2 66.0 07:30 272 --------------------------------------------------------------------------------------- 8.7 16.1 02 -0.4 30 288.9 0.0 59.7 2.0 69.2 11 129 Updated: 10/17/18 13:15:00