MONTHLY CLIMATOLOGICAL SUMMARY for Aug 2016 NAME: Castelnuovo Bocca d'Adda, Italia ELEV: 55 metri LAT: 45-06.60 N LONG: 009-52.14 E TEMPERATURE (°C), RAIN (mm), WIND SPEED (km/h) HEAT COOL AVG MEAN DEG DEG WIND DOM DAY TEMP HIGH TIME LOW TIME DAYS DAYS RAIN SPEED HIGH TIME DIR --------------------------------------------------------------------------------------- 01 23.7 29.6 17:35 19.3 05:35 0.0 5.4 1.8 5.2 56.3 05:55 96 02 24.3 29.7 19:10 19.1 06:45 0.0 6.0 0.0 3.4 19.3 16:10 59 03 25.8 31.3 17:25 19.9 08:05 0.0 7.4 0.0 2.5 20.9 17:25 45 04 27.2 33.1 18:50 21.1 08:45 0.0 8.9 0.0 2.6 20.9 16:50 74 05 22.6 27.8 00:15 18.3 13:45 0.0 4.3 8.1 4.3 62.8 16:15 278 06 22.6 29.3 20:10 15.5 08:40 0.0 4.2 0.3 1.5 25.7 16:00 67 07 24.4 30.3 19:00 18.1 08:15 0.0 6.1 0.0 2.2 19.3 19:45 89 08 24.2 29.7 18:35 17.8 08:00 0.0 5.9 0.0 2.1 16.1 13:20 42 09 24.9 31.2 16:05 18.1 08:20 0.0 6.5 0.0 1.2 16.1 19:25 19 10 22.4 26.7 19:45 17.1 10:25 0.0 4.0 15.0 3.3 33.8 08:05 117 11 20.3 25.8 20:25 14.9 08:25 0.0 2.0 4.1 3.7 59.5 07:45 111 12 20.6 26.7 19:10 14.2 07:50 0.0 2.3 0.0 2.6 19.3 14:15 91 13 22.4 29.2 19:50 15.9 08:20 0.0 4.1 0.0 1.6 17.7 17:20 104 14 24.1 30.7 19:35 17.6 08:50 0.0 5.7 0.0 1.4 17.7 17:05 28 15 25.8 32.3 18:20 20.2 09:05 0.0 7.5 0.0 1.7 16.1 17:05 14 16 25.2 31.1 18:55 19.9 08:40 0.0 6.8 0.3 2.9 19.3 21:35 314 17 25.2 31.1 18:10 19.6 07:20 0.0 6.9 0.0 4.2 20.9 11:45 306 18 23.8 30.7 19:10 19.1 06:45 0.0 5.5 0.5 3.3 22.5 03:15 83 19 24.1 30.6 20:05 18.6 08:20 0.0 5.8 0.3 3.4 29.0 02:45 100 20 24.3 28.9 16:10 20.6 08:10 0.0 6.0 13.2 3.0 51.5 06:55 106 21 23.8 29.8 19:55 20.1 07:40 0.0 5.5 0.0 1.7 57.9 03:25 293 22 23.5 28.1 19:10 18.2 09:10 0.0 5.2 0.0 4.5 37.0 04:00 129 23 23.1 29.7 18:55 16.3 08:35 0.0 4.8 0.0 2.1 59.5 08:40 138 24 24.3 30.8 19:20 17.5 07:55 0.0 6.0 0.0 1.7 69.2 19:10 121 25 24.8 30.3 18:10 18.4 08:45 0.0 6.5 0.0 3.2 19.3 18:50 123 26 24.4 30.6 18:00 17.6 08:45 0.0 6.0 0.0 3.1 20.9 16:00 117 27 24.9 31.8 18:45 18.2 07:45 0.0 6.6 0.0 1.7 19.3 15:35 113 28 25.5 33.7 20:25 18.4 09:20 0.0 7.2 0.0 1.7 19.3 17:40 325 29 26.4 33.2 17:35 20.2 08:55 0.0 8.0 0.0 2.8 17.7 15:20 320 30 23.8 28.0 18:55 19.6 10:00 0.0 5.5 10.9 3.2 35.4 03:45 358 31 25.0 30.7 19:35 20.3 09:05 0.0 6.6 0.0 2.3 22.5 17:20 135 --------------------------------------------------------------------------------------- 24.1 33.7 28 14.2 12 0.0 179.2 54.4 2.7 69.2 24 87 Updated: 10/17/18 13:15:00