MONTHLY CLIMATOLOGICAL SUMMARY for Jul 2016 NAME: Castelnuovo Bocca d'Adda, Italia ELEV: 55 metri LAT: 45-06.60 N LONG: 009-52.14 E TEMPERATURE (°C), RAIN (mm), WIND SPEED (km/h) HEAT COOL AVG MEAN DEG DEG WIND DOM DAY TEMP HIGH TIME LOW TIME DAYS DAYS RAIN SPEED HIGH TIME DIR --------------------------------------------------------------------------------------- 01 25.9 32.4 20:35 19.6 07:30 0.0 7.5 0.0 2.1 19.3 12:55 312 02 26.0 31.3 17:55 21.2 08:35 0.0 7.7 0.0 2.7 24.1 14:25 294 03 25.5 32.4 19:25 19.8 07:40 0.0 7.2 0.0 2.9 56.3 07:00 242 04 24.5 28.7 19:20 21.3 08:40 0.0 6.1 0.0 7.8 29.0 00:30 97 05 25.8 31.7 19:10 19.9 08:20 0.0 7.4 0.0 1.6 19.3 16:50 317 06 26.6 32.9 19:45 20.3 08:10 0.0 8.3 0.0 1.7 17.7 18:40 302 07 26.1 32.2 19:40 20.1 07:05 0.0 7.8 0.0 4.0 25.7 12:00 98 08 26.3 32.3 19:00 21.6 05:55 0.0 8.0 0.0 4.1 17.7 06:25 93 09 27.2 33.7 19:20 20.2 08:35 0.0 8.8 0.0 1.2 17.7 15:20 226 10 28.5 34.8 20:15 22.5 07:50 0.0 10.2 0.0 2.2 16.1 12:30 96 11 29.0 35.7 18:15 23.3 08:10 0.0 10.7 0.0 1.6 20.9 23:50 303 12 26.0 30.7 16:10 22.0 08:00 0.0 7.7 0.0 4.8 22.5 16:55 311 13 26.1 31.4 14:45 19.9 00:00 0.0 7.7 0.0 7.0 48.3 22:40 214 14 21.4 27.8 19:15 15.5 07:25 0.0 3.0 3.6 10.8 37.0 05:05 261 15 22.2 27.3 18:40 16.2 08:05 0.0 3.8 0.0 4.4 29.0 03:20 6 16 21.7 29.4 20:10 14.4 07:45 0.0 3.4 0.0 4.6 25.7 14:00 260 17 22.8 30.2 20:40 14.7 08:10 0.0 4.5 0.0 3.4 22.5 16:45 292 18 25.4 33.1 20:25 18.2 07:05 0.0 7.1 0.0 2.5 17.7 10:45 301 19 27.1 33.8 18:05 19.4 08:15 0.0 8.8 0.0 2.2 17.7 13:00 88 20 27.9 34.7 18:45 21.2 08:10 0.0 9.6 0.0 1.5 12.9 16:15 71 21 27.3 34.2 19:25 22.1 07:40 0.0 8.9 0.0 1.9 16.1 12:30 118 22 26.6 30.7 20:25 22.7 08:10 0.0 8.2 0.0 3.4 24.1 17:50 301 23 24.6 28.2 19:15 21.9 08:30 0.0 6.3 0.0 3.5 20.9 15:50 297 24 24.6 29.9 16:40 20.7 08:20 0.0 6.2 0.0 3.6 20.9 02:55 280 25 26.3 32.8 19:45 20.1 08:00 0.0 7.9 0.0 2.6 20.9 12:20 295 26 27.0 32.5 20:50 22.0 08:15 0.0 8.7 0.0 3.0 19.3 03:15 336 27 26.4 31.3 19:55 22.0 08:40 0.0 8.1 0.0 2.0 19.3 18:30 272 28 24.3 31.2 18:20 18.3 08:30 0.0 5.9 1.5 3.1 49.9 06:45 299 29 26.4 32.2 19:20 20.2 08:00 0.0 8.0 0.0 2.5 41.8 08:15 58 30 27.5 33.0 17:30 22.1 07:55 0.0 9.2 0.0 2.2 17.7 18:35 287 31 25.6 28.9 19:00 22.3 08:00 0.0 7.3 0.0 4.4 53.1 10:35 28 --------------------------------------------------------------------------------------- 25.8 35.7 11 14.4 16 0.0 230.3 5.1 3.4 56.3 03 307 Updated: 10/17/18 13:15:00