MONTHLY CLIMATOLOGICAL SUMMARY for May 2016 NAME: Castelnuovo Bocca d'Adda, Italia ELEV: 55 metri LAT: 45-06.60 N LONG: 009-52.14 E TEMPERATURE (°C), RAIN (mm), WIND SPEED (km/h) HEAT COOL AVG MEAN DEG DEG WIND DOM DAY TEMP HIGH TIME LOW TIME DAYS DAYS RAIN SPEED HIGH TIME DIR --------------------------------------------------------------------------------------- 01 10.9 13.0 20:35 9.6 07:00 7.5 0.0 15.2 1.1 40.2 17:40 307 02 13.3 17.6 20:25 10.3 05:55 5.1 0.0 0.3 3.8 43.5 09:50 241 03 16.4 23.9 19:50 9.4 09:10 1.9 0.0 0.0 4.4 19.3 18:35 237 04 17.1 24.1 20:45 10.2 07:50 1.2 0.0 0.0 4.7 24.1 12:10 240 05 16.5 21.4 18:45 11.4 08:25 1.8 0.0 0.0 6.5 41.8 04:00 104 06 16.9 23.6 18:50 10.4 07:55 1.5 0.0 0.0 3.4 19.3 17:00 154 07 17.8 25.2 17:30 11.3 07:40 0.6 0.0 0.0 2.8 24.1 20:45 126 08 17.7 23.2 16:30 12.6 08:25 0.6 0.0 0.0 4.6 27.4 15:10 115 09 16.6 19.2 18:55 13.8 09:20 1.8 0.0 1.5 1.8 61.2 08:05 9 10 16.7 20.1 18:20 14.5 07:30 1.6 0.0 3.6 2.1 20.9 02:00 285 11 15.3 16.7 00:05 14.0 00:00 3.0 0.0 4.1 4.2 51.5 15:50 94 12 15.5 20.3 14:45 13.4 08:10 2.8 0.0 0.5 1.5 25.7 18:05 30 13 15.5 18.2 16:30 13.1 07:50 2.8 0.0 0.3 1.8 22.5 03:20 358 14 16.8 23.9 19:05 12.1 09:05 1.5 0.0 0.0 1.9 62.8 22:30 70 15 16.7 24.1 20:30 12.5 08:05 1.7 0.0 0.3 5.7 40.2 22:40 92 16 15.4 20.2 19:00 11.2 08:00 2.9 0.0 0.0 6.5 25.7 07:35 94 17 16.2 22.1 20:00 10.1 07:20 2.1 0.0 0.3 3.5 27.4 03:10 86 18 17.1 24.1 18:55 10.6 07:40 1.2 0.0 0.0 2.1 20.9 18:30 103 19 13.9 17.3 00:05 12.3 20:20 4.4 0.0 0.0 2.4 54.7 12:30 109 20 16.7 24.1 19:45 10.1 07:45 1.6 0.0 0.0 2.3 29.0 09:20 240 21 20.0 27.4 20:35 12.2 08:30 0.0 1.7 0.3 1.3 27.4 18:50 90 22 21.0 28.1 19:05 13.3 08:10 0.0 2.7 0.0 1.9 46.7 12:25 101 23 17.2 21.3 00:15 12.3 21:45 1.1 0.0 0.0 7.8 49.9 23:20 148 24 17.8 26.2 19:40 11.2 08:30 0.5 0.0 0.0 4.0 57.9 01:20 243 25 19.1 25.2 19:50 12.7 08:05 0.0 0.7 0.0 4.5 20.9 17:25 250 26 20.2 26.9 17:20 13.6 08:35 0.0 1.9 0.0 2.4 17.7 00:10 265 27 22.6 29.2 18:50 15.9 08:30 0.0 4.2 0.0 1.9 17.7 14:55 111 28 23.5 29.1 18:35 17.9 08:20 0.0 5.2 0.0 4.1 20.9 18:20 99 29 19.5 23.7 00:05 17.3 13:40 0.0 1.2 0.0 5.4 40.2 15:00 98 30 18.1 22.1 14:25 15.8 16:40 0.3 0.0 0.0 2.6 61.2 06:00 37 31 18.4 24.1 16:25 14.8 07:40 0.0 0.1 0.0 4.0 53.1 11:20 143 --------------------------------------------------------------------------------------- 17.3 29.2 27 9.4 03 49.4 17.7 26.2 3.5 62.8 14 115 Updated: 10/17/18 13:15:00