MONTHLY CLIMATOLOGICAL SUMMARY for Apr 2016 NAME: Castelnuovo Bocca d'Adda, Italia ELEV: 55 metri LAT: 45-06.60 N LONG: 009-52.14 E TEMPERATURE (°C), RAIN (mm), WIND SPEED (km/h) HEAT COOL AVG MEAN DEG DEG WIND DOM DAY TEMP HIGH TIME LOW TIME DAYS DAYS RAIN SPEED HIGH TIME DIR --------------------------------------------------------------------------------------- 01 14.5 18.3 19:35 10.9 08:50 3.9 0.0 0.0 3.5 62.8 11:15 92 02 15.2 18.3 18:05 12.4 09:20 3.2 0.0 0.0 4.4 24.1 15:10 103 03 15.3 22.0 18:45 8.8 08:45 3.1 0.0 0.0 1.0 25.7 03:20 96 04 14.5 17.5 18:55 11.2 08:35 3.8 0.0 0.0 5.1 61.2 04:35 97 05 14.2 17.9 17:50 10.9 08:40 4.2 0.0 0.0 5.2 27.4 02:35 131 06 15.5 22.6 19:55 9.6 08:45 2.8 0.0 0.0 1.5 40.2 04:00 260 07 15.7 19.8 17:20 11.2 11:40 2.7 0.0 0.0 4.4 54.7 05:15 101 08 14.6 18.3 18:45 11.6 09:00 3.7 0.0 0.0 5.3 62.8 06:35 86 09 14.9 20.2 18:40 10.7 09:20 3.4 0.0 0.0 4.6 54.7 12:05 144 10 15.0 22.7 19:30 8.9 08:30 3.3 0.0 0.0 2.1 51.5 04:10 18 11 15.8 23.4 18:45 8.7 08:50 2.5 0.0 0.0 2.5 20.9 22:15 267 12 16.0 22.8 17:25 8.6 09:30 2.3 0.0 0.0 2.1 19.3 15:35 355 13 17.0 23.6 19:10 10.3 08:45 1.4 0.0 0.0 2.2 48.3 14:00 97 14 16.8 24.1 20:00 9.9 09:15 1.5 0.0 1.3 4.7 35.4 09:35 275 15 15.7 21.6 19:30 9.4 07:45 2.6 0.0 0.0 2.6 29.0 11:50 50 16 17.5 23.7 16:20 10.4 08:30 0.8 0.0 0.0 3.5 33.8 23:15 118 17 18.6 24.2 19:30 13.7 09:15 0.0 0.2 0.0 10.2 41.8 20:05 140 18 18.3 24.8 17:10 11.2 08:00 0.0 0.0 0.0 8.1 53.1 19:15 187 19 14.8 21.0 19:10 9.2 10:00 3.6 0.0 2.5 4.7 57.9 07:20 210 20 15.6 21.6 17:40 9.6 08:30 2.7 0.0 0.0 6.0 45.1 05:40 96 21 15.5 21.4 18:20 8.7 08:35 2.8 0.0 0.0 3.0 19.3 14:15 100 22 17.4 23.4 17:25 11.8 08:30 0.9 0.0 0.0 2.7 27.4 18:20 202 23 15.9 19.4 15:45 14.0 18:00 2.4 0.0 10.7 1.7 41.8 20:25 88 24 13.4 19.3 16:25 9.7 23:55 4.9 0.0 8.4 6.4 54.7 08:40 106 25 11.1 17.5 19:00 5.5 08:30 7.2 0.0 0.3 4.7 43.5 09:45 264 26 11.7 17.3 17:35 5.6 07:55 6.7 0.0 0.3 5.5 27.4 18:15 111 27 13.1 19.5 18:55 7.4 08:55 5.3 0.0 0.0 6.0 37.0 15:35 302 28 11.6 15.8 18:55 7.5 07:00 6.7 0.0 0.0 8.2 35.4 03:50 97 29 14.5 19.4 18:35 9.7 09:10 3.9 0.0 0.0 5.5 45.1 07:20 99 30 14.8 20.5 17:40 8.8 08:05 3.6 0.0 0.0 7.0 64.4 23:35 97 --------------------------------------------------------------------------------------- 15.1 24.8 18 5.5 25 95.9 0.2 23.4 4.5 64.4 30 114 Updated: 10/17/18 13:15:00