MONTHLY CLIMATOLOGICAL SUMMARY for Mar 2016 NAME: Castelnuovo Bocca d'Adda, Italia ELEV: 55 metri LAT: 45-06.60 N LONG: 009-52.14 E TEMPERATURE (°C), RAIN (mm), WIND SPEED (km/h) HEAT COOL AVG MEAN DEG DEG WIND DOM DAY TEMP HIGH TIME LOW TIME DAYS DAYS RAIN SPEED HIGH TIME DIR --------------------------------------------------------------------------------------- 01 10.5 15.9 17:55 6.7 08:50 7.8 0.0 0.3 2.5 45.1 16:10 265 02 9.9 14.7 14:45 5.7 08:00 8.4 0.0 0.3 4.0 45.1 08:50 101 03 8.5 14.0 14:00 4.8 00:00 9.8 0.0 0.0 7.5 57.9 02:55 117 04 6.4 11.9 15:55 0.8 07:10 11.9 0.0 0.0 2.9 59.5 06:45 323 05 5.7 8.8 12:55 2.1 23:50 12.6 0.0 0.3 7.7 62.8 18:35 87 06 2.3 4.0 17:40 0.4 08:40 16.0 0.0 0.0 2.5 45.1 04:30 261 07 5.1 9.9 17:45 2.0 08:40 13.2 0.0 0.3 3.3 57.9 10:05 246 08 5.1 8.3 16:15 2.6 06:35 13.2 0.0 0.0 1.6 22.5 14:45 157 09 5.4 9.8 16:30 2.6 04:50 12.9 0.0 0.3 1.5 17.7 12:15 228 10 8.8 14.6 16:45 3.6 07:50 9.5 0.0 0.0 2.6 59.5 08:20 238 11 9.1 12.6 18:05 5.4 07:55 9.2 0.0 0.3 1.6 19.3 11:40 120 12 11.3 15.9 15:05 7.8 06:30 7.0 0.0 0.0 2.8 17.7 13:35 120 13 11.1 15.2 14:30 8.7 08:00 7.2 0.0 0.0 3.8 25.7 18:40 96 14 10.8 14.8 15:15 7.7 07:50 7.6 0.0 0.3 3.7 24.1 13:30 118 15 8.6 13.3 15:45 3.8 08:05 9.7 0.0 0.0 5.8 40.2 22:05 125 16 6.8 8.9 15:40 4.9 02:40 11.5 0.0 0.3 10.0 49.9 11:00 97 17 8.9 13.6 15:55 4.6 08:15 9.5 0.0 0.0 2.9 16.1 14:30 180 18 9.7 17.0 18:15 3.3 07:45 8.7 0.0 0.0 4.7 22.5 14:15 249 19 11.7 19.1 18:25 4.8 05:45 6.7 0.0 0.0 4.6 20.9 16:20 250 20 12.0 17.3 18:00 5.7 06:35 6.3 0.0 0.0 2.5 14.5 14:00 264 21 12.3 18.2 14:55 6.4 05:10 6.1 0.0 0.0 2.6 20.9 16:35 143 22 10.8 16.2 17:15 6.9 05:20 7.6 0.0 0.0 3.1 37.0 12:45 86 23 10.2 15.9 15:10 7.7 06:55 8.2 0.0 0.0 4.5 35.4 02:35 105 24 10.1 17.3 16:05 3.4 05:55 8.3 0.0 0.0 3.2 16.1 16:40 117 25 10.6 16.1 16:35 5.1 07:50 7.7 0.0 0.0 2.7 19.3 13:40 33 26 11.8 18.4 15:50 4.0 08:25 6.6 0.0 0.0 2.1 14.5 12:00 101 27 11.8 17.9 18:15 5.3 08:40 6.6 0.0 0.0 2.3 17.7 21:55 87 28 12.1 14.9 19:05 9.7 09:40 6.3 0.0 0.0 1.4 17.7 16:30 44 29 13.1 20.2 18:35 6.6 08:55 5.2 0.0 0.0 2.2 25.7 11:15 251 30 14.4 17.7 17:30 11.4 07:20 3.9 0.0 0.0 3.4 19.3 18:40 40 31 13.7 19.2 17:20 7.3 08:35 4.6 0.0 0.0 3.2 51.5 07:50 94 --------------------------------------------------------------------------------------- 9.6 20.2 29 0.4 06 269.8 0.0 2.0 3.5 62.8 05 117 Updated: 10/17/18 13:15:00