MONTHLY CLIMATOLOGICAL SUMMARY for Feb 2015 NAME: Castelnuovo Bocca d'Adda, Italia ELEV: 55 metri LAT: 45-06.60 N LONG: 009-52.14 E TEMPERATURE (°C), RAIN (mm), WIND SPEED (km/h) HEAT COOL AVG MEAN DEG DEG WIND DOM DAY TEMP HIGH TIME LOW TIME DAYS DAYS RAIN SPEED HIGH TIME DIR --------------------------------------------------------------------------------------- 01 3.6 8.8 17:10 -0.1 09:25 14.8 0.0 0.0 4.8 27.4 14:35 295 02 3.8 10.2 16:25 -0.6 08:40 14.5 0.0 0.0 4.1 29.0 14:25 289 03 2.8 5.6 16:30 0.1 02:55 15.5 0.0 0.3 4.3 24.1 15:20 122 04 4.8 6.7 17:05 3.2 06:40 13.6 0.0 0.0 3.2 17.7 10:45 303 05 2.4 6.0 02:50 0.1 23:15 15.9 0.0 23.4 2.9 59.5 05:10 117 06 0.9 2.1 21:20 -0.1 06:00 17.4 0.0 10.9 0.3 45.1 14:00 195 07 1.6 3.2 15:45 -0.3 23:10 16.7 0.0 18.3 2.0 11.3 16:45 280 08 -0.7 3.1 15:45 -3.8 08:50 19.0 0.0 0.3 3.1 37.0 10:30 285 09 -2.0 4.6 17:05 -7.0 08:10 20.3 0.0 0.3 1.9 59.5 10:50 219 10 0.6 8.0 17:05 -5.6 08:15 17.7 0.0 0.0 0.7 8.0 04:00 84 11 1.4 7.4 16:00 -4.2 06:10 16.9 0.0 0.0 2.6 17.7 13:00 286 12 -0.9 4.6 18:05 -6.3 08:50 19.2 0.0 0.0 0.6 56.3 11:20 87 13 1.9 5.2 15:10 -0.7 00:05 16.4 0.0 0.5 1.2 11.3 08:00 288 14 2.6 3.4 23:30 1.7 02:05 15.7 0.0 5.3 0.8 56.3 06:45 80 15 2.5 3.6 07:45 1.3 10:30 15.8 0.0 12.7 1.3 57.9 08:00 278 16 4.5 7.1 16:50 2.2 05:30 13.9 0.0 3.3 1.5 62.8 05:30 286 17 7.2 11.8 15:15 4.2 03:40 11.1 0.0 0.0 1.4 14.5 16:10 68 18 5.4 9.1 16:30 2.4 08:30 13.0 0.0 0.0 2.4 24.1 13:55 133 19 4.5 10.7 16:25 0.2 08:55 13.8 0.0 0.0 1.3 14.5 10:50 268 20 4.3 11.1 16:10 -2.0 07:40 14.0 0.0 0.3 1.5 57.9 11:20 229 21 5.6 7.0 16:55 4.0 11:00 12.7 0.0 3.8 5.9 37.0 22:55 129 22 6.3 8.7 17:40 4.9 09:35 12.0 0.0 15.5 2.3 57.9 13:20 277 23 5.8 10.4 14:40 0.6 06:35 12.6 0.0 0.3 2.6 51.5 06:35 299 24 5.2 6.6 00:05 3.8 07:05 13.1 0.0 31.0 0.9 35.4 09:20 257 25 7.5 10.1 13:05 5.1 05:05 10.9 0.0 0.0 3.8 27.4 17:30 210 26 7.8 11.1 15:35 4.2 08:05 10.6 0.0 0.0 1.7 25.7 16:05 151 27 7.5 10.4 16:00 5.3 09:25 10.8 0.0 0.0 3.1 14.5 12:15 286 28 7.5 12.6 17:20 3.6 08:15 10.8 0.0 0.0 1.3 9.7 01:15 299 --------------------------------------------------------------------------------------- 3.7 12.6 28 -7.0 09 408.8 0.0 126.0 2.3 62.8 16 255 Updated: 10/17/18 13:15:00