MONTHLY CLIMATOLOGICAL SUMMARY for Dec 2014 NAME: Castelnuovo Bocca d'Adda, Italia ELEV: 55 metri LAT: 45-06.60 N LONG: 009-52.14 E TEMPERATURE (°C), RAIN (mm), WIND SPEED (km/h) HEAT COOL AVG MEAN DEG DEG WIND DOM DAY TEMP HIGH TIME LOW TIME DAYS DAYS RAIN SPEED HIGH TIME DIR --------------------------------------------------------------------------------------- 01 12.6 14.5 15:50 11.1 00:00 5.7 0.0 15.2 1.8 37.0 13:30 126 02 10.7 11.4 15:05 10.1 21:20 7.6 0.0 4.6 0.7 61.2 09:45 109 03 9.8 10.9 14:10 8.8 07:10 8.5 0.0 0.5 2.1 20.9 00:45 143 04 9.0 10.1 14:00 8.2 02:00 9.3 0.0 3.8 2.5 49.9 11:00 117 05 9.4 10.4 14:55 8.6 06:35 8.9 0.0 3.8 0.9 61.2 21:55 5 06 10.1 11.6 15:20 9.1 06:15 8.2 0.0 0.3 0.4 32.2 10:35 52 07 9.1 10.9 15:45 7.9 10:15 9.2 0.0 3.6 1.1 54.7 12:05 57 08 6.1 8.2 00:05 3.8 11:05 12.3 0.0 0.3 1.5 66.0 19:40 73 09 8.0 11.4 15:20 5.1 23:30 10.4 0.0 18.8 2.0 33.8 09:20 121 10 5.2 9.3 15:05 1.9 08:55 13.2 0.0 0.3 3.0 22.5 13:35 293 11 4.1 8.2 16:00 0.4 11:05 14.3 0.0 0.0 1.8 61.2 11:20 327 12 3.5 6.6 16:25 -0.1 10:05 14.8 0.0 0.3 1.5 61.2 08:45 289 13 5.6 6.6 14:40 4.8 06:15 12.8 0.0 0.3 1.0 62.8 23:05 348 14 6.7 7.9 15:25 5.4 01:10 11.6 0.0 0.3 1.7 62.8 06:05 273 15 7.5 8.9 16:25 6.3 06:15 10.9 0.0 1.3 1.3 57.9 04:20 295 16 8.0 8.7 23:55 7.4 08:10 10.4 0.0 15.2 0.2 43.5 09:35 135 17 6.9 8.7 00:15 4.2 09:20 11.4 0.0 0.3 1.4 62.8 11:35 311 18 5.1 6.9 17:00 2.2 09:50 13.2 0.0 0.3 2.1 61.2 10:15 268 19 4.4 5.7 15:55 2.7 07:05 14.0 0.0 0.3 0.5 56.3 04:10 155 20 5.2 6.6 15:45 4.0 06:30 13.1 0.0 0.0 1.0 59.5 10:35 223 21 4.1 4.9 00:05 3.4 00:00 14.2 0.0 0.0 0.6 11.3 16:30 274 22 2.8 3.5 00:10 2.2 10:20 15.5 0.0 0.0 1.7 57.9 02:55 285 23 2.2 3.3 16:20 1.1 07:00 16.1 0.0 0.3 0.3 56.3 13:50 285 24 3.5 5.2 22:50 1.8 07:30 14.9 0.0 0.0 1.0 56.3 07:50 182 25 6.4 10.2 15:55 4.5 21:45 12.0 0.0 0.0 1.1 54.7 21:10 82 26 4.9 9.9 16:05 0.2 23:30 13.5 0.0 0.0 1.6 35.4 02:00 301 27 -0.2 1.5 12:05 -2.2 03:00 18.6 0.0 0.5 1.5 56.3 18:10 74 28 0.0 2.6 16:30 -2.3 09:40 18.3 0.0 6.1 3.3 62.8 02:35 301 29 -0.2 3.8 18:45 -3.2 10:40 18.5 0.0 2.0 3.5 25.7 18:40 306 30 0.2 3.4 16:35 -2.8 08:00 18.2 0.0 0.0 2.4 14.5 16:20 127 31 -1.5 0.1 16:20 -3.6 09:10 19.8 0.0 0.3 1.6 11.3 14:55 112 --------------------------------------------------------------------------------------- 5.5 14.5 01 -3.6 31 399.2 0.0 78.2 1.5 66.0 08 291 Updated: 10/17/18 13:15:00