MONTHLY CLIMATOLOGICAL SUMMARY for Jul 2014 NAME: Castelnuovo Bocca d'Adda, Italia ELEV: 55 metri LAT: 45-06.60 N LONG: 009-52.14 E TEMPERATURE (°C), RAIN (mm), WIND SPEED (km/h) HEAT COOL AVG MEAN DEG DEG WIND DOM DAY TEMP HIGH TIME LOW TIME DAYS DAYS RAIN SPEED HIGH TIME DIR --------------------------------------------------------------------------------------- 01 21.1 26.8 15:45 16.6 07:50 0.0 2.8 0.3 4.7 22.5 03:20 118 02 21.9 26.2 19:55 18.1 08:00 0.0 3.5 0.0 3.4 19.3 18:35 18 03 23.0 28.6 19:05 17.4 07:35 0.0 4.7 0.0 3.9 27.4 15:00 125 04 20.9 24.5 15:40 17.4 07:55 0.0 2.5 0.5 4.2 24.1 11:45 85 05 21.4 28.0 20:50 15.7 08:25 0.0 3.1 0.0 7.1 25.7 17:45 299 06 24.7 30.8 19:05 18.7 08:25 0.0 6.3 0.0 1.8 14.5 14:05 353 07 24.4 30.1 17:15 19.8 07:50 0.0 6.0 1.8 4.2 51.5 20:10 318 08 19.8 24.1 14:30 17.6 17:50 0.0 1.5 16.5 3.6 49.9 15:20 249 09 19.2 26.3 17:20 14.9 08:10 0.0 0.9 9.4 5.5 54.7 20:30 292 10 19.7 26.2 20:10 14.3 07:40 0.0 1.3 0.0 3.0 25.7 22:00 141 11 21.5 28.0 18:10 15.8 07:15 0.0 3.2 0.0 2.3 16.1 14:55 79 12 21.3 26.4 15:00 18.3 08:40 0.0 2.9 1.0 2.6 24.1 16:40 318 13 20.8 27.3 18:00 16.8 04:00 0.0 2.5 0.0 1.7 19.3 18:50 110 14 22.2 27.6 18:25 18.3 08:35 0.0 3.9 0.0 3.4 19.3 11:25 127 15 23.8 30.8 19:15 17.5 08:15 0.0 5.5 0.0 2.2 19.3 13:15 126 16 25.7 32.9 19:20 19.1 07:45 0.0 7.4 0.0 1.3 14.5 15:20 243 17 26.6 32.8 18:35 20.2 07:10 0.0 8.3 0.0 2.1 17.7 08:25 93 18 26.6 32.9 19:00 19.7 08:05 0.0 8.3 0.0 2.6 30.6 03:45 114 19 27.7 34.2 17:10 21.2 07:30 0.0 9.3 0.0 2.2 16.1 12:10 103 20 25.7 29.5 17:55 22.3 07:55 0.0 7.3 0.0 1.4 24.1 19:35 257 21 21.1 24.3 00:40 19.1 23:55 0.0 2.8 1.0 3.2 25.7 08:35 289 22 22.0 27.8 19:00 17.0 08:00 0.0 3.7 1.0 2.2 61.2 03:45 304 23 24.3 30.2 17:55 20.2 07:10 0.0 6.0 0.8 3.1 27.4 22:10 135 24 20.6 22.9 20:45 18.9 09:40 0.0 2.2 3.3 2.4 46.7 03:00 12 25 22.4 29.1 18:40 17.0 08:25 0.0 4.1 0.0 1.4 14.5 15:55 124 26 20.6 24.1 00:05 17.9 10:45 0.0 2.3 13.0 3.3 24.1 15:05 355 27 22.0 27.8 19:55 17.8 07:15 0.0 3.7 1.0 2.3 62.8 02:15 45 28 24.1 30.4 18:00 18.6 08:25 0.0 5.7 0.0 2.3 33.8 20:55 173 29 21.2 24.1 00:10 18.6 00:00 0.0 2.9 3.8 5.7 53.1 04:20 132 30 18.6 22.6 20:25 16.7 08:50 0.0 0.3 4.3 3.0 46.7 18:10 296 31 22.9 29.7 18:50 17.8 08:10 0.0 4.6 0.0 2.2 16.1 17:50 109 --------------------------------------------------------------------------------------- 22.5 34.2 19 14.3 10 0.0 129.5 57.7 3.0 62.8 27 108 Updated: 10/17/18 13:15:00