MONTHLY CLIMATOLOGICAL SUMMARY for Feb 2014 NAME: Castelnuovo Bocca d'Adda, Italia ELEV: 55 metri LAT: 45-06.60 N LONG: 009-52.14 E TEMPERATURE (°C), RAIN (mm), WIND SPEED (km/h) HEAT COOL AVG MEAN DEG DEG WIND DOM DAY TEMP HIGH TIME LOW TIME DAYS DAYS RAIN SPEED HIGH TIME DIR --------------------------------------------------------------------------------------- 01 5.1 6.1 15:35 4.2 03:20 13.2 0.0 5.1 1.4 62.8 21:25 311 02 5.7 6.8 14:20 4.7 08:25 12.6 0.0 5.8 1.7 48.3 09:30 287 03 6.7 7.3 06:20 5.9 00:10 11.6 0.0 16.8 4.3 70.8 10:30 140 04 6.5 7.6 17:15 5.6 09:10 11.8 0.0 2.5 3.9 67.6 06:55 145 05 6.9 7.7 17:30 5.9 10:45 11.4 0.0 6.4 3.7 69.2 16:05 134 06 7.8 11.1 16:15 5.3 09:20 10.5 0.0 6.4 4.1 61.2 05:10 300 07 7.0 8.7 14:35 5.6 23:35 11.3 0.0 15.0 5.8 67.6 21:15 127 08 6.0 7.6 16:15 3.4 09:00 12.3 0.0 1.0 4.3 56.3 20:25 333 09 7.5 12.5 17:15 4.4 05:35 10.8 0.0 11.9 10.2 62.8 02:15 296 10 6.0 7.1 03:00 4.2 23:55 12.4 0.0 20.8 16.5 70.8 11:30 116 11 6.2 10.6 16:30 3.8 08:45 12.2 0.0 0.0 3.9 67.6 01:50 296 12 8.2 13.9 18:00 4.2 07:35 10.1 0.0 0.0 7.3 38.6 12:55 290 13 5.9 7.9 17:25 2.3 08:40 12.5 0.0 0.5 3.0 20.9 15:25 90 14 7.9 13.3 14:35 3.7 07:45 10.4 0.0 0.0 7.0 37.0 03:40 298 15 6.1 6.8 13:40 5.2 06:05 12.3 0.0 0.3 2.0 38.6 20:30 286 16 7.4 9.0 15:30 6.0 00:05 11.0 0.0 0.8 2.3 16.1 22:10 296 17 8.7 12.6 16:35 6.4 00:00 9.7 0.0 4.1 1.5 16.1 12:05 309 18 6.9 9.7 16:30 3.2 09:20 11.4 0.0 0.3 0.8 61.2 06:50 156 19 8.3 8.9 00:40 7.8 04:30 10.0 0.0 13.0 2.5 62.8 17:05 286 20 9.0 10.1 16:50 8.2 06:25 9.4 0.0 2.0 3.6 43.5 04:20 147 21 9.2 12.4 14:40 6.3 07:30 9.2 0.0 1.5 1.7 16.1 20:20 276 22 9.3 14.7 17:45 5.3 10:40 9.0 0.0 0.0 5.0 59.5 01:10 287 23 8.5 13.7 16:15 4.3 08:50 9.8 0.0 0.0 2.2 19.3 00:05 121 24 7.7 13.7 17:05 2.4 08:05 10.6 0.0 0.0 2.1 14.5 09:55 275 25 7.6 12.0 16:25 2.2 08:20 10.8 0.0 0.0 1.2 11.3 10:10 256 26 8.5 10.6 16:45 6.8 08:00 9.9 0.0 2.5 3.7 49.9 19:10 122 27 7.3 10.1 17:00 5.7 07:45 11.0 0.0 0.5 4.5 59.5 06:45 302 28 7.7 10.9 14:05 3.4 09:20 10.6 0.0 2.8 5.3 62.8 00:00 126 --------------------------------------------------------------------------------------- 7.3 14.7 22 2.2 25 307.8 0.0 119.9 4.1 70.8 03 246 Updated: 10/17/18 13:15:00