MONTHLY CLIMATOLOGICAL SUMMARY for Sep 2013 NAME: Castelnuovo Bocca d'Adda, Italia ELEV: 55 metri LAT: 45-06.60 N LONG: 009-52.14 E TEMPERATURE (°C), RAIN (mm), WIND SPEED (km/h) HEAT COOL AVG MEAN DEG DEG WIND DOM DAY TEMP HIGH TIME LOW TIME DAYS DAYS RAIN SPEED HIGH TIME DIR --------------------------------------------------------------------------------------- 01 22.4 28.9 17:40 16.4 09:15 0.0 4.0 0.0 1.8 16.1 15:10 106 02 22.9 27.9 17:45 17.8 09:30 0.0 4.5 0.0 3.3 22.5 02:45 117 03 22.6 29.5 18:35 16.3 09:00 0.0 4.2 0.0 1.8 14.5 17:35 318 04 23.5 29.8 19:10 18.2 08:15 0.0 5.2 0.0 2.0 17.7 13:40 99 05 23.7 29.5 19:25 18.4 09:05 0.0 5.3 0.0 1.2 11.3 16:20 67 06 24.1 30.6 18:30 18.5 08:50 0.0 5.8 0.0 1.3 11.3 13:45 105 07 24.3 30.8 19:00 18.6 09:05 0.0 6.0 0.0 1.3 11.3 12:45 100 08 23.6 27.1 19:30 20.4 06:35 0.0 5.3 0.0 6.9 35.4 20:55 145 09 23.5 29.1 20:10 18.3 09:05 0.0 5.2 0.0 4.4 24.1 13:05 270 10 21.2 25.5 17:50 16.3 09:00 0.0 2.9 0.0 4.1 25.7 17:10 126 11 18.3 21.8 17:45 15.2 06:00 0.1 0.0 5.3 5.0 53.1 05:05 128 12 17.1 23.8 20:30 12.0 07:40 1.3 0.0 0.3 2.1 19.3 17:15 262 13 18.3 25.5 19:35 12.5 07:30 0.0 0.0 0.0 3.0 19.3 14:10 302 14 18.7 24.4 16:55 12.4 09:00 0.0 0.3 0.0 1.4 17.7 15:45 340 15 17.4 20.8 14:25 15.7 08:55 0.9 0.0 20.6 2.2 51.5 20:50 127 16 18.1 21.9 16:30 15.1 09:40 0.2 0.0 0.0 2.6 45.1 06:25 314 17 19.0 23.6 17:30 15.9 23:10 0.0 0.7 0.0 7.3 32.2 12:40 301 18 14.5 19.7 19:40 9.7 08:00 3.8 0.0 0.0 0.6 11.3 01:15 211 19 17.2 24.8 19:25 11.1 08:55 1.2 0.0 0.0 1.9 17.7 11:30 308 20 18.6 24.6 18:35 13.6 08:30 0.0 0.3 0.0 1.3 14.5 14:00 117 21 18.9 24.7 17:05 13.3 09:15 0.0 0.6 0.0 1.3 40.2 09:30 62 22 19.4 24.8 19:05 14.8 09:15 0.0 1.1 0.0 1.6 16.1 13:25 108 23 18.9 25.3 19:05 13.5 09:30 0.0 0.5 0.0 1.4 19.3 16:20 316 24 19.7 26.8 19:05 14.2 09:00 0.0 1.4 0.3 3.0 17.7 16:10 295 25 18.3 23.3 18:40 13.3 09:15 0.0 0.0 0.0 1.2 12.9 15:30 63 26 19.7 26.6 17:45 14.0 09:20 0.0 1.3 0.0 3.0 25.7 16:05 294 27 20.5 25.6 17:55 15.8 08:40 0.0 2.1 0.0 1.4 11.3 15:00 313 28 22.3 26.0 17:35 19.5 08:20 0.0 3.9 0.0 0.5 11.3 15:00 90 29 19.3 21.6 00:05 17.4 00:00 0.0 0.9 1.8 5.1 69.2 09:50 122 30 15.7 17.5 18:35 14.1 07:40 2.6 0.0 1.0 7.5 61.2 02:50 132 --------------------------------------------------------------------------------------- 20.1 30.8 07 9.7 18 10.2 61.8 29.2 2.7 69.2 29 130 Updated: 10/17/18 13:15:00