MONTHLY CLIMATOLOGICAL SUMMARY for Aug 2013 NAME: Castelnuovo Bocca d'Adda, Italia ELEV: 55 metri LAT: 45-06.60 N LONG: 009-52.14 E TEMPERATURE (°C), RAIN (mm), WIND SPEED (km/h) HEAT COOL AVG MEAN DEG DEG WIND DOM DAY TEMP HIGH TIME LOW TIME DAYS DAYS RAIN SPEED HIGH TIME DIR --------------------------------------------------------------------------------------- 01 26.6 33.5 18:10 19.5 08:00 0.0 8.2 0.0 1.7 32.2 07:25 116 02 27.5 34.6 18:35 20.7 08:30 0.0 9.1 0.0 1.4 14.5 16:50 327 03 28.2 34.6 18:55 22.5 08:30 0.0 9.8 0.0 4.1 24.1 16:15 306 04 28.1 34.8 20:00 21.3 08:30 0.0 9.8 0.0 2.8 17.7 13:00 310 05 28.7 35.3 19:55 22.4 07:45 0.0 10.3 0.0 2.6 17.7 17:05 1 06 28.4 35.5 19:55 21.4 07:55 0.0 10.1 0.0 2.9 19.3 10:25 288 07 27.1 32.6 16:50 20.6 08:55 0.0 8.8 0.0 3.3 24.1 19:25 128 08 25.2 28.6 00:05 21.9 23:35 0.0 6.9 1.3 3.2 49.9 16:35 81 09 23.8 29.9 19:25 18.9 08:45 0.0 5.5 0.0 8.2 57.9 05:55 289 10 24.8 30.4 18:05 18.7 08:35 0.0 6.4 0.0 2.8 22.5 16:00 150 11 24.9 30.9 19:40 18.9 08:30 0.0 6.6 0.0 2.4 20.9 13:30 108 12 25.7 31.7 17:25 19.4 07:45 0.0 7.4 0.0 2.3 17.7 11:35 100 13 26.5 33.5 19:40 20.6 08:10 0.0 8.2 0.0 2.2 17.7 16:50 308 14 21.4 26.6 00:10 18.4 13:00 0.0 3.1 18.8 5.6 57.9 08:40 122 15 21.3 27.1 19:00 15.7 08:50 0.0 3.0 0.0 2.2 19.3 15:35 119 16 22.5 28.4 16:55 16.3 08:10 0.0 4.1 0.0 2.0 22.5 12:20 106 17 23.7 29.9 19:40 17.4 08:35 0.0 5.3 0.0 1.6 16.1 16:40 26 18 24.7 31.7 18:45 18.2 07:55 0.0 6.4 0.0 1.3 16.1 15:45 14 19 24.8 30.9 18:15 18.5 08:55 0.0 6.4 0.0 2.4 24.1 20:50 337 20 22.4 26.6 16:20 18.1 09:05 0.0 4.1 3.3 4.5 41.8 03:25 146 21 21.9 28.3 18:05 15.5 08:25 0.0 3.5 0.0 1.8 17.7 18:10 125 22 22.7 28.6 18:25 16.4 09:15 0.0 4.4 0.0 2.5 19.3 12:40 122 23 23.6 30.6 19:15 17.4 08:20 0.0 5.2 0.0 1.8 16.1 15:00 103 24 23.5 29.3 17:15 18.8 08:20 0.0 5.1 6.1 4.1 45.1 21:40 85 25 21.1 26.6 20:40 18.1 07:35 0.0 2.8 4.3 2.0 30.6 21:25 74 26 19.9 24.2 18:15 15.4 07:05 0.0 1.5 39.4 4.4 62.8 09:00 126 27 20.0 24.1 20:15 15.9 08:40 0.0 1.6 1.8 3.7 43.5 02:30 325 28 21.0 26.8 19:30 16.1 09:15 0.0 2.6 0.0 3.9 24.1 15:05 297 29 21.9 26.9 18:40 16.9 08:05 0.0 3.5 0.0 3.1 20.9 13:25 104 30 21.8 27.1 18:50 16.4 09:00 0.0 3.5 0.0 3.9 25.7 13:05 115 31 22.1 28.6 20:10 16.7 08:20 0.0 3.8 0.0 1.1 14.5 15:10 86 --------------------------------------------------------------------------------------- 24.0 35.5 06 15.4 26 0.0 177.2 74.9 3.0 62.8 26 102 Updated: 10/17/18 13:15:00