MONTHLY CLIMATOLOGICAL SUMMARY for Jul 2013 NAME: Castelnuovo Bocca d'Adda, Italia ELEV: 55 metri LAT: 45-06.60 N LONG: 009-52.14 E TEMPERATURE (°C), RAIN (mm), WIND SPEED (km/h) HEAT COOL AVG MEAN DEG DEG WIND DOM DAY TEMP HIGH TIME LOW TIME DAYS DAYS RAIN SPEED HIGH TIME DIR --------------------------------------------------------------------------------------- 01 23.4 29.8 18:50 16.4 08:00 0.0 5.0 0.0 3.0 20.9 11:40 124 02 24.1 30.9 19:10 17.7 07:15 0.0 5.8 0.0 2.5 16.1 11:55 102 03 24.1 27.9 18:40 18.5 07:05 0.0 5.8 0.0 2.2 19.3 23:15 294 04 24.1 30.3 18:25 17.9 07:55 0.0 5.8 0.0 4.3 19.3 11:25 291 05 26.1 33.0 18:20 19.6 08:40 0.0 7.8 0.0 1.8 17.7 18:50 153 06 26.9 31.6 18:55 21.9 08:35 0.0 8.5 0.0 5.4 24.1 05:50 127 07 26.5 31.2 18:15 21.6 08:45 0.0 8.2 0.0 4.9 27.4 17:05 126 08 25.7 30.9 17:50 20.2 07:40 0.0 7.4 0.0 4.2 25.7 14:15 117 09 26.4 31.6 19:15 20.9 07:30 0.0 8.0 0.0 1.6 17.7 14:50 102 10 26.2 31.1 20:55 21.0 07:35 0.0 7.9 0.0 2.4 17.7 12:35 119 11 26.4 31.9 18:55 21.2 09:05 0.0 8.1 0.0 4.7 22.5 18:55 267 12 25.2 31.0 21:10 19.1 08:10 0.0 6.8 0.0 4.9 35.4 04:05 134 13 25.1 29.8 18:40 19.9 10:15 0.0 6.8 0.8 3.5 51.5 10:00 122 14 24.8 30.6 19:40 19.3 08:00 0.0 6.5 0.0 3.5 32.2 02:10 113 15 25.6 32.1 18:50 19.5 08:00 0.0 7.3 0.0 1.5 16.1 15:15 201 16 26.0 30.8 19:15 21.2 07:50 0.0 7.7 0.0 5.5 29.0 13:00 123 17 25.2 29.8 18:40 20.2 08:05 0.0 6.9 0.0 4.7 20.9 15:40 120 18 25.2 30.6 16:40 20.1 07:30 0.0 6.8 0.0 4.9 32.2 17:15 289 19 25.1 31.2 20:00 19.6 08:25 0.0 6.8 0.0 4.3 19.3 03:35 304 20 25.8 32.3 17:25 19.5 08:45 0.0 7.5 0.0 2.5 17.7 11:45 308 21 26.2 32.1 19:00 20.3 07:55 0.0 7.8 0.0 3.1 27.4 12:15 127 22 27.3 33.1 17:55 21.2 08:00 0.0 9.0 0.0 1.3 14.5 17:40 129 23 27.5 34.2 19:40 21.6 08:25 0.0 9.2 0.0 2.5 16.1 09:40 317 24 26.9 31.1 18:00 22.1 08:15 0.0 8.6 0.0 5.0 24.1 13:35 287 25 27.3 33.7 19:10 20.8 08:05 0.0 9.0 0.0 2.4 20.9 15:10 288 26 28.6 34.1 18:55 22.9 08:30 0.0 10.2 0.0 2.5 17.7 12:00 310 27 29.3 35.2 18:15 24.1 09:25 0.0 10.9 0.0 2.3 16.1 12:20 320 28 29.8 36.6 17:20 21.9 08:55 0.0 11.5 0.0 3.6 27.4 22:35 179 29 25.1 30.7 17:25 20.4 23:55 0.0 6.8 0.8 6.5 49.9 18:15 220 30 23.8 31.3 20:15 17.4 07:55 0.0 5.5 0.0 5.3 25.7 02:35 291 31 25.3 32.4 17:45 18.2 08:55 0.0 7.0 0.0 1.6 11.3 09:45 53 --------------------------------------------------------------------------------------- 26.0 36.6 28 16.4 01 0.0 236.6 1.5 3.5 51.5 13 152 Updated: 10/17/18 13:15:00