MONTHLY CLIMATOLOGICAL SUMMARY for Jun 2013 NAME: Castelnuovo Bocca d'Adda, Italia ELEV: 55 metri LAT: 45-06.60 N LONG: 009-52.14 E TEMPERATURE (°C), RAIN (mm), WIND SPEED (km/h) HEAT COOL AVG MEAN DEG DEG WIND DOM DAY TEMP HIGH TIME LOW TIME DAYS DAYS RAIN SPEED HIGH TIME DIR --------------------------------------------------------------------------------------- 01 17.7 22.3 17:00 13.0 07:55 0.7 0.0 0.0 3.4 19.3 17:10 117 02 20.8 28.9 18:25 14.5 09:30 0.0 2.4 0.0 4.9 24.1 07:00 274 03 18.0 22.9 18:10 15.6 08:25 0.4 0.0 0.8 4.9 49.9 18:15 130 04 19.1 26.3 21:25 12.7 08:45 0.0 0.8 0.0 1.9 19.3 18:45 338 05 20.5 25.5 17:50 17.0 09:25 0.0 2.1 0.0 4.1 30.6 18:00 142 06 20.8 26.3 17:50 16.4 05:55 0.0 2.4 0.0 3.2 16.1 10:15 117 07 22.3 28.6 21:20 16.1 07:10 0.0 4.0 0.0 2.7 17.7 14:15 130 08 22.2 28.7 16:30 16.2 08:00 0.0 3.8 1.0 1.6 29.0 17:05 182 09 19.8 23.7 15:10 15.6 23:15 0.0 1.5 2.5 2.9 29.0 16:55 164 10 18.0 23.6 20:05 12.5 05:35 0.4 0.0 1.0 5.3 62.8 00:45 301 11 21.1 28.8 21:00 14.2 06:55 0.0 2.8 0.0 3.2 24.1 16:15 288 12 23.2 29.1 18:30 16.7 09:05 0.0 4.9 0.0 2.2 24.1 19:25 136 13 24.0 30.6 18:45 17.7 08:10 0.0 5.6 0.0 3.0 22.5 12:40 129 14 24.9 31.2 18:30 18.3 08:30 0.0 6.6 0.0 3.7 24.1 17:50 136 15 25.5 31.2 18:30 19.9 07:55 0.0 7.2 0.0 4.3 20.9 22:15 288 16 25.9 32.1 19:45 20.2 08:00 0.0 7.6 0.0 2.4 19.3 17:30 3 17 27.5 34.0 18:05 20.7 07:35 0.0 9.2 0.0 3.4 17.7 12:50 276 18 28.8 35.7 18:40 21.6 07:40 0.0 10.5 0.0 2.1 19.3 21:30 208 19 29.1 35.7 17:30 22.8 07:45 0.0 10.8 0.0 2.5 24.1 18:50 136 20 27.6 34.0 16:30 22.7 08:25 0.0 9.2 0.0 5.8 32.2 17:30 289 21 24.9 30.3 19:05 19.4 08:15 0.0 6.5 0.0 3.8 30.6 20:25 219 22 23.9 29.4 20:00 17.3 08:40 0.0 5.6 0.0 6.1 32.2 17:25 287 23 23.8 29.7 18:20 17.9 07:45 0.0 5.4 0.0 4.3 32.2 19:35 221 24 20.5 23.9 18:25 15.3 10:10 0.0 2.1 13.0 5.1 57.9 10:40 160 25 21.1 28.1 20:40 14.0 06:45 0.0 2.8 0.0 5.3 30.6 22:55 266 26 20.5 25.6 17:25 16.4 08:05 0.0 2.2 1.8 4.6 43.5 18:25 131 27 18.3 23.7 17:40 13.6 22:20 0.1 0.0 14.0 7.4 62.8 23:45 134 28 16.0 20.8 19:45 12.7 06:55 2.3 0.0 0.5 2.5 45.1 00:50 158 29 18.0 22.7 21:40 12.7 07:50 0.3 0.0 0.0 3.2 16.1 15:15 275 30 21.0 29.6 21:10 13.5 08:20 0.0 2.7 0.0 2.4 17.7 12:40 252 --------------------------------------------------------------------------------------- 22.2 35.7 18 12.5 10 4.1 118.6 34.5 3.7 62.8 10 189 Updated: 10/17/18 13:15:00