MONTHLY CLIMATOLOGICAL SUMMARY for May 2013 NAME: Castelnuovo Bocca d'Adda, Italia ELEV: 55 metri LAT: 45-06.60 N LONG: 009-52.14 E TEMPERATURE (°C), RAIN (mm), WIND SPEED (km/h) HEAT COOL AVG MEAN DEG DEG WIND DOM DAY TEMP HIGH TIME LOW TIME DAYS DAYS RAIN SPEED HIGH TIME DIR --------------------------------------------------------------------------------------- 01 19.3 24.2 18:25 15.1 08:25 0.0 1.0 0.8 3.4 20.9 17:45 117 02 18.9 21.9 19:15 15.7 23:50 0.0 0.6 2.3 2.1 38.6 04:00 312 03 18.3 24.7 18:15 12.3 08:40 0.0 0.0 0.0 3.5 24.1 20:00 207 04 17.9 24.5 19:25 10.9 08:20 0.4 0.0 0.0 2.4 16.1 12:20 296 05 16.7 21.3 13:55 13.1 08:05 1.7 0.0 37.8 2.3 51.5 19:15 250 06 16.1 20.8 20:05 13.7 02:15 2.2 0.0 3.6 1.4 27.4 09:45 76 07 17.1 23.6 17:25 12.8 08:05 1.2 0.0 0.3 2.7 38.6 18:20 184 08 18.4 23.8 19:15 13.5 07:45 0.0 0.0 0.0 2.6 16.1 15:45 71 09 20.3 26.2 18:50 14.7 07:55 0.0 2.0 0.0 1.3 14.5 17:55 128 10 18.9 22.3 00:30 16.3 23:50 0.0 0.5 1.5 2.2 19.3 05:40 21 11 18.0 23.7 19:40 13.7 08:10 0.3 0.0 15.2 3.5 45.1 22:10 137 12 17.7 22.9 18:25 11.7 09:00 0.7 0.0 24.6 3.4 51.5 09:50 132 13 17.2 23.7 20:35 11.6 08:10 1.1 0.0 0.0 3.5 19.3 01:50 124 14 18.2 24.4 17:55 12.0 07:35 0.1 0.0 0.0 3.1 33.8 23:25 125 15 17.3 23.1 16:40 13.0 08:05 1.1 0.0 2.5 7.5 66.0 18:45 125 16 15.0 17.4 18:25 13.7 07:00 3.4 0.0 37.6 4.0 61.2 16:05 107 17 16.2 21.6 16:55 12.4 07:45 2.1 0.0 21.1 7.1 53.1 09:35 199 18 15.3 19.9 15:25 10.9 08:25 3.0 0.0 5.1 5.2 59.5 21:35 98 19 16.1 20.2 17:55 13.3 09:15 2.2 0.0 24.6 12.7 70.8 05:20 154 20 16.0 20.9 17:30 10.4 07:50 2.4 0.0 0.0 6.6 41.8 16:45 235 21 16.4 22.2 19:30 10.9 07:40 1.9 0.0 0.0 3.2 25.7 21:45 70 22 16.5 22.0 19:25 10.6 08:45 1.9 0.0 0.0 3.1 16.1 06:45 309 23 18.0 23.3 18:00 13.7 08:10 0.4 0.0 7.6 4.0 38.6 23:25 214 24 10.3 14.2 00:35 7.2 10:45 8.1 0.0 47.8 6.2 62.8 08:10 316 25 9.4 10.3 13:30 8.4 04:40 9.0 0.0 21.1 3.7 49.9 17:20 339 26 13.6 20.9 19:35 6.6 08:00 4.8 0.0 0.5 7.4 33.8 15:45 287 27 15.9 22.9 19:00 9.2 08:00 2.5 0.0 0.0 4.2 30.6 20:05 254 28 16.6 20.7 15:45 12.3 07:50 1.7 0.0 0.0 1.7 19.3 00:20 172 29 16.6 19.7 19:55 12.8 06:30 1.8 0.0 6.1 5.5 48.3 08:45 201 30 13.9 19.7 18:25 10.2 08:10 4.4 0.0 4.1 7.7 40.2 23:05 282 31 15.4 22.9 18:55 9.3 08:05 2.9 0.0 0.0 4.8 29.0 16:15 291 --------------------------------------------------------------------------------------- 16.5 26.2 09 6.6 26 61.0 4.1 264.2 4.3 70.8 19 185 Updated: 10/17/18 13:15:00