MONTHLY CLIMATOLOGICAL SUMMARY for Apr 2013 NAME: Castelnuovo Bocca d'Adda, Italia ELEV: 55 metri LAT: 45-06.60 N LONG: 009-52.14 E TEMPERATURE (°C), RAIN (mm), WIND SPEED (km/h) HEAT COOL AVG MEAN DEG DEG WIND DOM DAY TEMP HIGH TIME LOW TIME DAYS DAYS RAIN SPEED HIGH TIME DIR --------------------------------------------------------------------------------------- 01 7.8 8.8 19:00 6.6 06:30 10.5 0.0 0.8 7.5 30.6 00:10 111 02 9.0 12.3 18:20 6.4 08:40 9.4 0.0 2.8 3.5 46.7 04:20 168 03 10.8 15.7 19:05 6.4 09:05 7.6 0.0 0.0 5.8 27.4 03:55 130 04 9.3 11.8 16:45 6.6 06:55 9.0 0.0 3.6 8.1 62.8 21:55 122 05 8.5 9.9 19:35 6.9 07:55 9.9 0.0 29.2 4.3 62.8 08:45 279 06 9.1 15.0 19:45 2.9 09:50 9.2 0.0 0.3 2.0 67.6 12:00 106 07 11.0 13.6 19:20 7.6 08:15 7.4 0.0 0.0 6.5 24.1 13:05 120 08 7.6 10.4 00:05 6.6 23:45 10.7 0.0 6.1 7.5 53.1 15:45 113 09 7.9 10.4 18:45 5.8 07:40 10.5 0.0 2.5 0.7 40.2 09:20 115 10 11.0 16.6 20:25 7.2 09:50 7.3 0.0 0.0 2.7 19.3 15:20 283 11 12.4 16.6 16:45 8.2 08:45 5.9 0.0 0.0 2.5 27.4 23:50 141 12 14.5 19.1 19:50 11.8 06:15 3.8 0.0 0.8 5.0 41.8 03:55 114 13 16.0 22.4 19:45 10.6 09:10 2.3 0.0 0.0 3.0 19.3 11:45 295 14 16.6 23.4 19:05 9.8 09:10 1.7 0.0 0.0 2.2 19.3 13:05 123 15 17.7 25.0 19:50 10.7 08:45 0.6 0.0 0.0 1.4 17.7 00:00 133 16 18.0 23.4 18:05 13.0 05:15 0.3 0.0 0.0 3.9 17.7 16:00 127 17 18.4 24.8 18:35 11.9 09:25 0.0 0.1 0.0 2.5 17.7 01:35 113 18 19.7 26.4 19:45 12.9 08:10 0.0 1.3 0.0 1.0 14.5 17:30 355 19 19.8 25.6 17:05 13.3 09:05 0.0 1.5 0.0 6.2 40.2 19:00 130 20 13.9 19.5 00:05 11.7 13:05 4.4 0.0 65.3 8.8 69.2 18:35 100 21 12.4 14.5 14:35 11.1 09:15 6.0 0.0 21.3 2.8 61.2 10:05 62 22 12.2 14.2 16:25 10.7 09:00 6.2 0.0 7.4 4.2 69.2 14:35 77 23 13.8 18.9 16:20 8.7 08:35 4.6 0.0 0.0 2.2 17.7 16:25 167 24 15.3 21.3 19:55 9.6 08:05 3.0 0.0 0.0 1.4 11.3 14:15 121 25 16.8 23.2 19:10 10.4 08:50 1.5 0.0 0.0 1.6 14.5 18:45 133 26 17.4 21.7 18:30 14.2 09:35 0.9 0.0 0.5 0.7 16.1 14:50 109 27 15.1 17.4 00:05 14.0 13:20 3.3 0.0 13.7 10.8 66.0 16:25 126 28 16.6 21.0 16:40 12.8 08:40 1.7 0.0 0.3 5.1 22.5 17:55 111 29 16.9 19.2 17:50 14.8 11:25 1.5 0.0 6.1 4.8 59.5 12:25 129 30 17.7 20.4 19:40 15.2 10:00 0.7 0.0 2.5 3.9 30.6 16:35 121 --------------------------------------------------------------------------------------- 13.8 26.4 18 2.9 06 139.8 2.9 163.1 4.1 69.2 20 120 Updated: 10/17/18 13:15:00