MONTHLY CLIMATOLOGICAL SUMMARY for Mar 2013 NAME: Castelnuovo Bocca d'Adda, Italia ELEV: 55 metri LAT: 45-06.60 N LONG: 009-52.14 E TEMPERATURE (°C), RAIN (mm), WIND SPEED (km/h) HEAT COOL AVG MEAN DEG DEG WIND DOM DAY TEMP HIGH TIME LOW TIME DAYS DAYS RAIN SPEED HIGH TIME DIR --------------------------------------------------------------------------------------- 01 7.4 12.3 15:25 2.7 08:00 11.0 0.0 0.0 1.7 11.3 15:40 191 02 7.1 11.6 16:50 3.6 06:20 11.2 0.0 0.0 1.4 16.1 12:40 138 03 7.0 14.0 17:00 1.7 07:10 11.4 0.0 0.3 2.2 16.1 10:50 276 04 7.1 14.2 16:35 0.1 08:45 11.2 0.0 0.0 2.0 46.7 10:55 135 05 6.2 9.6 15:55 2.1 08:20 12.2 0.0 0.3 2.3 61.2 10:05 119 06 7.3 8.2 16:15 6.4 02:25 11.0 0.0 30.2 4.2 62.8 12:50 112 07 7.8 9.2 17:05 6.0 06:30 10.6 0.0 8.6 2.8 70.8 14:05 300 08 8.9 10.1 16:10 7.6 07:00 9.5 0.0 11.7 2.2 62.8 21:50 282 09 10.1 12.0 16:10 8.2 08:25 8.3 0.0 6.6 5.3 62.8 03:25 291 10 7.9 10.9 17:55 4.2 08:10 10.5 0.0 0.3 2.3 45.1 01:25 288 11 7.6 12.2 16:25 4.1 05:00 10.8 0.0 0.3 2.4 59.5 06:45 247 12 8.6 12.7 17:10 6.0 08:55 9.7 0.0 0.0 1.3 32.2 10:45 260 13 9.0 11.6 18:00 6.7 07:30 9.4 0.0 1.5 2.6 29.0 14:05 103 14 7.9 10.3 17:50 5.7 23:50 10.4 0.0 3.6 5.7 57.9 08:25 217 15 6.1 10.1 18:05 1.8 08:05 12.3 0.0 0.0 3.7 19.3 04:45 257 16 4.9 9.7 16:40 0.8 07:15 13.4 0.0 0.0 4.9 25.7 23:20 126 17 4.6 6.6 14:50 3.3 20:25 13.8 0.0 8.1 11.1 62.8 21:30 102 18 1.8 4.6 01:15 0.4 05:35 16.5 0.0 30.7 7.2 62.8 01:30 292 19 6.0 14.1 16:45 -0.3 08:35 12.3 0.0 4.3 5.0 20.9 20:25 263 20 6.2 8.6 12:45 2.7 06:50 12.2 0.0 8.9 4.8 70.8 23:45 277 21 9.9 16.3 14:40 3.9 02:50 8.4 0.0 0.3 8.9 35.4 15:25 289 22 10.1 16.1 17:20 3.5 07:25 8.2 0.0 0.0 2.2 19.3 11:30 101 23 10.4 13.7 14:40 8.0 02:40 7.9 0.0 4.6 3.4 22.5 23:40 124 24 6.9 9.5 00:05 5.1 22:55 11.4 0.0 24.4 14.2 67.6 22:10 132 25 4.7 6.4 17:20 3.1 06:20 13.6 0.0 7.1 7.1 70.8 01:00 155 26 4.6 6.4 16:30 3.1 07:10 13.7 0.0 0.0 8.3 38.6 02:10 126 27 6.5 9.0 16:15 4.2 05:35 11.9 0.0 0.0 3.9 17.7 09:40 123 28 6.0 7.0 00:05 4.9 22:55 12.4 0.0 6.6 3.0 49.9 14:45 122 29 6.2 8.1 16:20 4.1 05:25 12.2 0.0 0.3 2.0 46.7 07:55 302 30 7.1 8.4 15:55 6.4 06:40 11.2 0.0 24.1 2.1 61.2 21:00 285 31 9.3 15.9 18:55 3.8 09:25 9.0 0.0 0.0 7.0 37.0 23:10 336 --------------------------------------------------------------------------------------- 7.1 16.3 21 -0.3 19 347.3 0.0 182.6 4.4 70.8 07 152 Updated: 10/17/18 13:15:00