MONTHLY CLIMATOLOGICAL SUMMARY for Jan 2013 NAME: Castelnuovo Bocca d'Adda, Italia ELEV: 55 metri LAT: 45-06.60 N LONG: 009-52.14 E TEMPERATURE (°C), RAIN (mm), WIND SPEED (km/h) HEAT COOL AVG MEAN DEG DEG WIND DOM DAY TEMP HIGH TIME LOW TIME DAYS DAYS RAIN SPEED HIGH TIME DIR --------------------------------------------------------------------------------------- 01 1.2 3.1 13:05 -0.9 09:05 17.1 0.0 0.3 3.2 14.5 14:15 280 02 2.8 3.8 22:45 2.1 00:20 15.5 0.0 10.9 2.4 62.8 20:05 270 03 5.0 8.7 16:20 2.6 09:40 13.3 0.0 0.0 4.5 16.1 12:05 290 04 4.4 9.0 15:35 0.9 09:10 14.0 0.0 0.0 2.2 11.3 01:55 275 05 6.9 14.6 16:15 1.3 01:15 11.4 0.0 0.0 1.6 17.7 10:20 119 06 5.1 9.2 14:35 0.4 09:40 13.2 0.0 0.0 1.5 30.6 23:25 96 07 2.9 4.4 01:00 1.1 03:50 15.4 0.0 0.0 1.2 62.8 15:30 130 08 4.5 6.8 17:10 2.8 06:25 13.8 0.0 0.0 2.4 20.9 11:55 306 09 5.1 6.4 16:25 4.0 03:15 13.2 0.0 0.0 1.6 11.3 06:55 296 10 5.0 6.2 16:35 3.9 23:30 13.3 0.0 0.0 3.7 19.3 14:15 292 11 3.8 4.7 16:40 2.3 01:35 14.6 0.0 0.0 1.4 61.2 07:20 171 12 4.1 5.2 15:20 3.3 11:15 14.2 0.0 0.0 1.1 14.5 11:30 243 13 3.5 4.5 00:30 1.7 23:40 14.8 0.0 7.6 1.7 11.3 21:25 281 14 3.2 5.1 16:50 1.6 00:40 15.2 0.0 6.6 1.4 62.8 11:15 132 15 3.4 4.2 16:50 1.3 23:45 15.0 0.0 6.1 2.5 57.9 14:40 136 16 0.9 2.2 16:35 -0.1 06:55 17.4 0.0 20.8 3.5 24.1 11:10 279 17 1.0 2.7 17:40 -0.9 23:05 17.4 0.0 5.8 3.7 59.5 07:15 272 18 0.0 4.2 17:20 -2.9 08:15 18.3 0.0 0.0 4.2 19.3 14:00 277 19 -0.2 0.9 14:00 -1.4 05:25 18.5 0.0 0.3 1.0 14.5 17:50 314 20 0.7 1.4 13:15 -0.1 01:45 17.6 0.0 20.3 2.3 57.9 13:35 310 21 2.3 4.9 16:35 0.6 03:00 16.0 0.0 11.4 4.1 67.6 07:05 302 22 3.6 7.2 16:45 0.4 00:00 14.8 0.0 0.3 1.7 14.5 12:25 258 23 0.5 3.2 23:20 -2.3 07:55 17.8 0.0 1.3 2.3 62.8 12:55 139 24 4.3 7.6 16:05 2.0 07:05 14.1 0.0 0.5 2.7 49.9 07:30 279 25 3.0 7.1 17:35 -1.1 10:45 15.4 0.0 0.0 1.7 24.1 09:05 253 26 2.5 5.8 16:25 -0.1 23:50 15.8 0.0 0.0 2.0 16.1 00:40 161 27 0.7 3.7 14:25 -2.3 09:25 17.6 0.0 0.3 2.2 11.3 12:55 305 28 1.5 2.5 00:35 0.3 11:25 16.9 0.0 8.9 1.4 57.9 05:10 61 29 2.4 4.6 17:00 -0.1 02:00 16.0 0.0 0.3 5.9 62.8 00:40 283 30 0.6 1.9 16:05 -1.2 09:40 17.7 0.0 0.0 1.0 57.9 10:50 134 31 1.7 3.1 15:35 -0.2 03:45 16.6 0.0 0.3 1.7 46.7 07:10 155 --------------------------------------------------------------------------------------- 2.8 14.6 05 -2.9 18 481.8 0.0 101.9 2.4 67.6 21 279 Updated: 10/17/18 13:15:00