MONTHLY CLIMATOLOGICAL SUMMARY for Dec 2012 NAME: Castelnuovo Bocca d'Adda, Italia ELEV: 55 metri LAT: 45-06.60 N LONG: 009-52.14 E TEMPERATURE (°C), RAIN (mm), WIND SPEED (km/h) HEAT COOL AVG MEAN DEG DEG WIND DOM DAY TEMP HIGH TIME LOW TIME DAYS DAYS RAIN SPEED HIGH TIME DIR --------------------------------------------------------------------------------------- 01 6.0 6.8 12:20 5.5 02:35 12.4 0.0 6.4 2.7 46.7 23:35 226 02 5.6 7.2 16:00 3.1 00:00 12.8 0.0 2.0 3.7 20.9 12:25 314 03 4.2 8.3 15:45 1.6 06:40 14.1 0.0 0.0 7.8 29.0 13:35 280 04 2.5 4.5 23:50 0.9 03:40 15.8 0.0 0.0 2.9 30.6 23:25 285 05 3.3 7.2 16:05 0.2 07:25 15.0 0.0 0.0 3.6 32.2 01:10 279 06 2.1 6.8 16:05 -1.5 06:55 16.3 0.0 0.3 4.8 22.5 14:15 285 07 0.4 2.1 00:15 -1.3 07:30 18.0 0.0 0.0 0.8 11.3 00:40 231 08 -2.6 0.1 16:40 -7.8 00:00 20.9 0.0 6.9 0.0 0.0 00:05 90 09 -5.0 0.7 16:45 -9.4 06:00 23.3 0.0 1.8 1.0 61.2 11:25 293 10 -3.3 1.1 14:40 -7.1 09:15 21.7 0.0 0.5 1.4 11.3 18:35 297 11 1.7 6.1 15:25 -2.6 00:10 16.6 0.0 0.0 4.9 20.9 14:35 284 12 -0.7 4.6 16:10 -3.3 07:45 19.1 0.0 0.0 1.7 14.5 01:20 282 13 -1.1 0.4 16:45 -4.5 01:30 19.4 0.0 0.0 0.9 9.7 20:00 310 14 -0.6 0.1 23:45 -1.2 05:20 18.9 0.0 0.3 1.9 27.4 12:05 300 15 0.7 1.9 18:50 -0.2 00:10 17.7 0.0 14.7 3.4 57.9 01:20 302 16 -1.8 0.3 00:05 -3.3 08:15 20.1 0.0 0.5 2.7 14.5 06:35 293 17 0.6 1.6 16:20 -1.1 00:10 17.8 0.0 4.8 2.2 40.2 21:20 301 18 0.6 2.1 02:25 -1.6 23:40 17.7 0.0 1.8 4.2 62.8 21:30 293 19 -1.1 2.5 16:45 -3.3 08:40 19.5 0.0 0.0 2.7 62.8 14:45 287 20 -0.8 0.9 16:30 -3.3 09:00 19.1 0.0 0.3 2.4 30.6 12:35 283 21 1.6 4.3 16:05 -1.6 22:25 16.7 0.0 0.5 1.5 46.7 21:55 290 22 0.2 0.8 14:10 -0.8 00:10 18.1 0.0 0.0 1.5 56.3 13:35 271 23 0.1 1.8 16:45 -1.2 07:05 18.2 0.0 0.0 0.7 49.9 18:55 82 24 2.7 4.4 21:00 -0.3 00:05 15.7 0.0 0.0 0.6 56.3 02:55 158 25 4.0 4.7 17:05 3.3 03:25 14.3 0.0 0.0 0.7 8.0 02:00 270 26 5.3 7.3 16:30 4.2 07:30 13.0 0.0 0.3 4.7 24.1 18:25 299 27 5.3 6.0 00:10 4.7 21:55 13.0 0.0 0.0 2.5 16.1 00:10 288 28 7.2 13.7 16:05 2.7 10:00 11.1 0.0 0.0 10.2 38.6 08:55 288 29 3.2 6.7 00:25 0.6 09:35 15.2 0.0 0.0 2.4 59.5 05:45 209 30 2.8 7.7 16:25 -0.4 08:45 15.5 0.0 0.3 2.9 16.1 10:40 286 31 1.5 6.6 16:25 -2.3 09:45 16.8 0.0 0.3 2.3 19.3 13:00 285 --------------------------------------------------------------------------------------- 1.4 13.7 28 -9.4 09 523.8 0.0 41.4 2.8 62.8 18 288 Updated: 10/17/18 13:15:00