MONTHLY CLIMATOLOGICAL SUMMARY for Nov 2012 NAME: Castelnuovo Bocca d'Adda, Italia ELEV: 55 metri LAT: 45-06.60 N LONG: 009-52.14 E TEMPERATURE (°C), RAIN (mm), WIND SPEED (km/h) HEAT COOL AVG MEAN DEG DEG WIND DOM DAY TEMP HIGH TIME LOW TIME DAYS DAYS RAIN SPEED HIGH TIME DIR --------------------------------------------------------------------------------------- 01 10.1 14.6 15:45 7.6 00:10 8.3 0.0 9.1 8.9 66.0 06:30 300 02 9.8 14.8 16:55 6.4 09:15 8.5 0.0 0.3 2.1 40.2 07:55 103 03 10.0 12.9 13:50 6.2 05:20 8.3 0.0 0.8 1.5 49.9 23:50 100 04 11.4 12.1 15:20 10.9 04:50 6.9 0.0 14.7 1.0 61.2 18:10 270 05 13.6 19.1 15:05 10.8 04:05 4.7 0.0 0.8 6.0 54.7 05:20 290 06 10.6 15.4 16:05 6.4 07:25 7.7 0.0 0.0 1.4 16.1 14:50 273 07 8.9 14.7 17:25 4.7 07:40 9.4 0.0 0.0 2.0 16.1 11:10 270 08 7.9 14.2 17:05 2.9 08:30 10.4 0.0 0.3 0.8 11.3 10:50 292 09 10.5 15.3 15:45 6.8 07:20 7.9 0.0 0.0 1.3 11.3 23:40 174 10 10.3 11.1 00:05 9.6 09:05 8.0 0.0 18.5 3.1 54.7 09:20 111 11 10.2 12.1 03:15 9.0 08:50 8.1 0.0 27.2 7.4 61.2 01:30 303 12 11.3 13.9 15:50 8.7 02:00 7.0 0.0 0.3 2.8 19.3 12:20 302 13 13.1 15.0 16:35 11.7 08:35 5.2 0.0 0.3 0.3 25.7 04:10 315 14 11.6 14.4 17:00 8.8 07:25 6.7 0.0 0.3 0.8 16.1 13:35 114 15 7.9 12.8 15:15 3.3 07:40 10.4 0.0 0.0 1.3 51.5 10:25 128 16 6.3 11.8 15:55 2.0 06:00 12.1 0.0 0.3 0.6 40.2 08:50 181 17 7.0 9.2 15:25 4.4 00:05 11.3 0.0 0.0 0.8 8.0 02:25 282 18 8.0 9.4 16:10 6.7 07:55 10.3 0.0 0.0 1.6 11.3 11:40 289 19 8.9 11.3 16:05 7.3 06:05 9.4 0.0 0.0 3.2 17.7 03:10 293 20 10.0 15.0 15:35 6.4 08:25 8.3 0.0 0.0 2.4 14.5 01:15 264 21 7.5 11.7 16:25 3.8 08:05 10.9 0.0 0.3 1.2 53.1 12:45 285 22 8.1 11.1 16:15 5.3 02:50 10.2 0.0 0.3 0.7 30.6 06:05 297 23 10.1 14.2 16:00 7.9 08:55 8.2 0.0 0.0 1.6 16.1 11:50 292 24 9.2 11.6 15:40 6.2 09:30 9.1 0.0 0.0 0.4 11.3 13:40 285 25 10.0 11.1 13:45 9.5 00:10 8.3 0.0 2.0 2.2 48.3 19:25 256 26 10.6 11.4 16:15 10.1 00:15 7.7 0.0 2.0 2.8 62.8 01:40 127 27 11.0 12.0 15:50 9.9 08:45 7.3 0.0 7.9 9.9 64.4 10:15 127 28 11.9 12.8 14:15 11.2 00:10 6.5 0.0 20.8 5.8 64.4 14:15 123 29 9.8 12.1 15:30 8.4 07:25 8.5 0.0 5.1 4.3 35.4 02:00 285 30 8.0 10.1 11:55 6.0 21:05 10.3 0.0 4.1 4.9 57.9 21:35 131 --------------------------------------------------------------------------------------- 9.8 19.1 05 2.0 16 256.2 0.0 115.1 2.8 66.0 01 262 Updated: 10/17/18 13:15:00