MONTHLY CLIMATOLOGICAL SUMMARY for Jul 2012 NAME: Castelnuovo Bocca d'Adda, Italia ELEV: 55 metri LAT: 45-06.60 N LONG: 009-52.14 E TEMPERATURE (°C), RAIN (mm), WIND SPEED (km/h) HEAT COOL AVG MEAN DEG DEG WIND DOM DAY TEMP HIGH TIME LOW TIME DAYS DAYS RAIN SPEED HIGH TIME DIR --------------------------------------------------------------------------------------- 01 28.8 35.1 17:45 21.9 07:55 0.0 10.4 0.0 2.8 19.3 16:50 5 02 27.4 31.8 17:40 23.4 05:05 0.0 9.0 0.5 3.0 22.5 22:55 286 03 25.1 30.7 19:00 18.6 08:05 0.0 6.8 0.0 6.1 25.7 12:35 303 04 25.3 31.6 16:20 19.6 23:55 0.0 7.0 6.3 4.3 48.3 00:00 305 05 23.7 30.6 17:55 19.5 08:20 0.0 5.3 0.3 4.8 37.0 00:05 296 06 23.9 28.9 19:15 20.9 06:10 0.0 5.5 0.5 4.9 40.2 19:20 123 07 24.3 30.8 20:45 18.8 06:25 0.0 6.0 0.0 4.3 25.7 00:45 327 08 26.2 31.7 18:45 18.7 08:45 0.0 7.9 0.0 2.8 17.7 15:20 6 09 26.6 33.0 20:25 19.7 07:00 0.0 8.3 0.0 3.2 25.7 14:15 319 10 26.9 31.9 18:35 20.3 08:40 0.0 8.6 0.0 3.8 45.1 23:25 73 11 25.2 31.3 18:35 19.9 07:40 0.0 6.8 0.3 4.4 40.2 21:15 329 12 25.5 30.9 19:10 19.6 08:30 0.0 7.2 0.0 3.3 17.7 15:15 54 13 25.3 31.0 18:25 19.3 07:10 0.0 7.0 0.0 4.2 27.4 20:55 149 14 25.6 30.2 16:45 19.7 07:50 0.0 7.3 0.0 4.7 38.6 20:45 183 15 25.1 30.6 19:00 19.3 08:35 0.0 6.8 0.0 5.2 25.7 16:10 322 16 23.9 28.9 21:45 18.7 08:00 0.0 5.6 0.0 5.3 22.5 11:35 104 17 24.1 31.1 20:05 16.7 07:15 0.0 5.8 0.0 2.4 19.3 16:25 43 18 25.5 32.3 19:55 18.2 07:35 0.0 7.2 0.0 3.3 17.7 10:55 92 19 25.7 32.1 19:35 19.2 07:40 0.0 7.3 0.0 3.1 20.9 15:35 21 20 25.6 31.6 18:45 18.6 07:45 0.0 7.3 0.0 4.0 20.9 22:05 1 21 23.8 28.6 18:45 20.2 06:05 0.0 5.5 0.8 5.9 33.8 22:00 104 22 21.6 27.6 17:40 16.2 22:15 0.0 3.3 5.1 6.8 61.2 22:00 108 23 19.1 25.0 19:50 15.2 07:05 0.0 0.8 0.0 2.0 11.3 15:00 279 24 23.2 29.9 19:05 16.6 06:50 0.0 4.8 0.0 3.5 22.5 15:25 335 25 25.3 32.2 18:40 19.2 08:15 0.0 6.9 0.5 3.6 32.2 21:45 67 26 25.5 32.8 19:30 19.3 07:40 0.0 7.2 0.5 2.5 61.2 00:35 345 27 27.6 34.1 18:20 21.0 08:15 0.0 9.2 0.0 2.5 16.1 14:25 345 28 27.8 34.6 19:00 21.9 07:20 0.0 9.4 0.0 3.5 22.5 20:45 132 29 27.2 32.8 19:40 21.6 08:45 0.0 8.9 0.0 5.2 24.1 12:40 308 30 26.9 32.3 19:25 20.8 08:10 0.0 8.6 0.0 3.5 19.3 12:55 111 31 26.8 31.7 19:05 21.3 08:15 0.0 8.4 0.0 6.3 25.7 14:45 124 --------------------------------------------------------------------------------------- 25.3 35.1 01 15.2 23 0.0 216.0 14.7 4.0 61.2 22 30 Updated: 10/17/18 13:15:00