MONTHLY CLIMATOLOGICAL SUMMARY for Jun 2012 NAME: Castelnuovo Bocca d'Adda, Italia ELEV: 55 metri LAT: 45-06.60 N LONG: 009-52.14 E TEMPERATURE (°C), RAIN (mm), WIND SPEED (km/h) HEAT COOL AVG MEAN DEG DEG WIND DOM DAY TEMP HIGH TIME LOW TIME DAYS DAYS RAIN SPEED HIGH TIME DIR --------------------------------------------------------------------------------------- 01 23.6 29.5 19:45 17.4 07:55 0.0 5.2 0.0 7.4 35.4 16:00 297 02 22.7 27.3 16:55 17.9 07:55 0.0 4.4 0.0 3.0 16.1 13:10 264 03 23.5 29.1 20:05 18.2 08:30 0.0 5.2 0.0 2.3 20.9 21:25 221 04 19.6 22.5 20:45 16.4 13:45 0.0 1.3 7.1 3.7 54.7 13:50 171 05 20.7 28.0 20:45 14.2 07:20 0.0 2.3 0.0 2.1 24.1 16:40 273 06 21.3 26.6 15:30 15.6 07:55 0.0 2.9 0.0 3.2 22.5 22:05 174 07 21.9 25.9 19:15 17.3 07:55 0.0 3.5 0.0 2.4 17.7 15:35 350 08 20.9 24.1 19:45 17.1 07:15 0.0 2.6 0.0 3.9 22.5 20:25 41 09 22.5 28.0 19:35 18.1 06:55 0.0 4.2 0.0 2.9 37.0 23:50 130 10 20.6 24.9 16:05 17.3 08:00 0.0 2.2 0.8 5.2 32.2 00:05 240 11 20.3 26.0 16:55 16.1 04:05 0.0 2.0 0.0 2.4 27.4 18:35 77 12 18.9 23.8 20:10 15.1 07:10 0.0 0.6 2.0 7.1 59.5 09:55 269 13 19.8 26.0 17:05 14.3 08:20 0.0 1.5 0.0 7.6 37.0 17:20 267 14 20.2 26.3 18:15 13.6 07:40 0.0 1.9 0.0 2.5 19.3 02:35 87 15 22.6 29.1 20:10 15.8 07:50 0.0 4.3 0.0 3.2 14.5 02:05 259 16 24.4 31.1 20:35 17.3 08:10 0.0 6.0 0.0 1.5 16.1 17:30 122 17 26.1 33.0 19:10 18.5 07:50 0.0 7.7 0.0 1.9 17.7 17:00 123 18 27.3 34.1 18:25 19.5 07:30 0.0 8.9 0.0 2.1 14.5 14:00 113 19 28.0 34.6 19:55 20.8 08:10 0.0 9.6 0.0 3.3 17.7 11:45 310 20 27.1 32.1 15:50 22.1 08:05 0.0 8.7 0.0 3.4 17.7 11:15 288 21 26.8 32.9 19:35 20.7 07:55 0.0 8.4 0.0 5.9 32.2 15:35 302 22 27.4 34.6 19:15 21.1 08:35 0.0 9.1 0.0 4.5 27.4 00:30 284 23 26.3 30.3 16:55 20.8 08:40 0.0 8.0 0.0 6.4 35.4 18:40 113 24 26.1 31.9 18:35 20.2 07:35 0.0 7.7 0.0 4.1 19.3 11:10 112 25 27.0 33.1 19:00 21.9 06:45 0.0 8.7 0.0 6.1 27.4 16:55 286 26 25.5 30.1 19:15 21.1 07:20 0.0 7.2 0.0 7.1 30.6 08:15 136 27 26.1 31.6 18:15 19.7 07:35 0.0 7.8 0.0 5.0 25.7 12:50 118 28 26.5 32.8 18:10 19.8 07:05 0.0 8.2 0.0 4.1 19.3 12:10 108 29 28.0 33.6 19:30 22.6 07:20 0.0 9.6 0.0 2.7 17.7 17:45 58 30 28.4 34.2 18:15 22.4 08:35 0.0 10.1 0.0 3.5 16.1 10:30 310 --------------------------------------------------------------------------------------- 24.0 34.6 19 13.6 14 0.0 169.9 9.9 4.0 59.5 12 246 Updated: 10/17/18 13:15:00