MONTHLY CLIMATOLOGICAL SUMMARY for Apr 2012 NAME: Castelnuovo Bocca d'Adda, Italia ELEV: 55 metri LAT: 45-06.60 N LONG: 009-52.14 E TEMPERATURE (°C), RAIN (mm), WIND SPEED (km/h) HEAT COOL AVG MEAN DEG DEG WIND DOM DAY TEMP HIGH TIME LOW TIME DAYS DAYS RAIN SPEED HIGH TIME DIR --------------------------------------------------------------------------------------- 01 12.8 15.8 13:55 8.0 09:05 5.6 0.0 0.0 10.3 49.9 17:15 135 02 11.5 17.4 19:15 6.6 06:30 6.8 0.0 0.0 2.3 20.9 00:10 125 03 13.6 18.1 15:55 10.1 08:45 4.7 0.0 0.0 4.6 48.3 23:45 138 04 13.1 14.7 15:10 12.1 07:25 5.3 0.0 6.9 3.9 66.0 00:10 135 05 13.4 15.9 20:10 12.3 13:10 4.9 0.0 8.1 2.4 64.4 04:50 57 06 14.7 20.4 19:45 9.9 08:20 3.7 0.0 0.0 2.8 27.4 05:40 276 07 14.7 19.2 16:15 10.8 09:20 3.6 0.0 0.0 5.1 41.8 19:00 253 08 11.6 15.1 16:30 7.6 00:00 6.7 0.0 0.0 7.1 46.7 17:30 150 09 8.1 13.3 19:15 3.9 08:20 10.2 0.0 0.0 3.9 53.1 08:55 116 10 8.4 11.1 17:35 5.7 05:50 9.9 0.0 0.0 4.7 20.9 14:10 116 11 8.1 9.3 00:50 6.7 14:55 10.3 0.0 17.8 14.5 70.8 07:30 135 12 10.3 17.4 18:45 3.4 09:05 8.1 0.0 0.0 2.6 32.2 20:35 202 13 11.3 14.7 16:55 9.6 08:35 7.0 0.0 2.8 8.0 61.2 18:45 120 14 10.9 14.5 16:40 8.7 08:50 7.4 0.0 2.5 4.5 61.2 20:30 279 15 11.0 13.5 18:50 9.8 10:30 7.3 0.0 21.3 5.2 61.2 12:30 122 16 11.0 15.3 18:20 9.2 09:50 7.4 0.0 3.8 2.9 45.1 04:00 260 17 12.6 17.3 18:45 8.5 07:30 5.7 0.0 0.0 4.5 29.0 02:15 144 18 11.5 15.5 17:40 7.8 07:50 6.8 0.0 0.0 8.0 38.6 14:20 128 19 10.3 13.9 17:30 7.4 08:40 8.0 0.0 1.0 4.4 22.5 15:55 122 20 11.2 15.3 21:35 8.9 04:05 7.1 0.0 1.3 3.2 57.9 07:25 143 21 12.8 19.7 17:40 6.2 08:50 5.5 0.0 0.0 5.5 37.0 20:40 195 22 15.4 19.7 20:20 9.8 09:10 2.9 0.0 0.0 7.3 38.6 15:50 273 23 12.2 15.1 19:45 9.1 08:55 6.1 0.0 0.5 6.3 30.6 12:40 135 24 13.1 17.6 18:15 9.9 08:50 5.2 0.0 6.1 9.2 66.0 08:45 132 25 13.3 19.6 18:55 6.9 07:05 5.0 0.0 0.0 6.0 38.6 16:15 234 26 14.4 21.3 18:30 7.6 08:05 3.9 0.0 0.0 2.9 17.7 14:25 357 27 17.4 24.4 20:55 11.4 08:55 0.9 0.0 0.0 3.9 20.9 12:10 284 28 19.4 26.6 17:55 12.6 08:25 0.0 1.1 0.0 3.5 25.7 19:50 130 29 17.5 21.6 00:10 14.7 08:55 0.8 0.0 0.3 8.4 41.8 12:15 129 30 15.8 18.3 00:05 12.5 08:20 2.5 0.0 4.1 2.6 48.3 16:30 292 --------------------------------------------------------------------------------------- 12.7 26.6 28 3.4 12 169.4 1.1 76.5 5.4 70.8 11 147 Updated: 10/17/18 13:15:00