MONTHLY CLIMATOLOGICAL SUMMARY for Mar 2012 NAME: Castelnuovo Bocca d'Adda, Italia ELEV: 55 metri LAT: 45-06.60 N LONG: 009-52.14 E TEMPERATURE (°C), RAIN (mm), WIND SPEED (km/h) HEAT COOL AVG MEAN DEG DEG WIND DOM DAY TEMP HIGH TIME LOW TIME DAYS DAYS RAIN SPEED HIGH TIME DIR --------------------------------------------------------------------------------------- 01 11.0 18.9 17:30 4.1 07:30 7.3 0.0 0.0 1.6 14.5 11:05 336 02 12.9 22.1 17:05 6.3 08:20 5.4 0.0 0.0 2.9 66.0 05:15 300 03 12.3 19.1 17:55 6.0 08:40 6.1 0.0 0.0 2.7 14.5 12:45 323 04 10.9 15.4 16:55 6.4 06:15 7.4 0.0 0.0 1.5 11.3 11:15 265 05 9.1 12.7 16:10 4.9 23:55 9.2 0.0 6.9 7.6 66.0 21:10 178 06 6.8 10.8 13:50 3.8 04:25 11.5 0.0 1.3 6.3 67.6 00:20 267 07 6.8 12.5 16:10 0.4 08:50 11.5 0.0 0.0 1.3 11.3 12:00 271 08 8.0 13.4 16:55 2.7 07:30 10.3 0.0 0.0 1.8 19.3 12:05 125 09 11.0 14.5 15:15 7.0 00:00 7.3 0.0 0.0 6.3 37.0 11:20 116 10 7.9 13.5 16:05 1.8 07:55 10.4 0.0 0.0 3.5 29.0 11:20 132 11 8.7 15.7 17:30 1.6 07:15 9.7 0.0 0.0 3.7 19.3 14:15 294 12 11.5 19.5 17:00 4.2 07:55 6.8 0.0 0.0 2.1 20.9 23:50 256 13 11.1 17.1 17:20 4.9 08:20 7.2 0.0 0.0 4.9 22.5 00:05 121 14 12.4 19.8 18:05 5.3 07:35 5.9 0.0 0.0 1.6 11.3 15:10 121 15 13.0 20.6 16:30 5.3 08:00 5.3 0.0 0.0 2.3 14.5 14:40 115 16 12.9 19.6 16:00 6.1 08:30 5.5 0.0 0.0 1.9 14.5 16:30 129 17 11.6 16.8 16:20 5.3 07:50 6.8 0.0 0.0 1.9 16.1 14:05 261 18 11.8 18.2 18:15 7.3 07:10 6.5 0.0 0.0 9.1 61.2 08:40 143 19 12.5 17.7 14:50 9.3 07:50 5.9 0.0 0.0 8.2 59.5 07:35 117 20 10.8 16.7 18:00 4.6 05:45 7.5 0.0 0.0 2.5 14.5 10:45 309 21 14.3 20.8 18:15 9.2 07:55 4.1 0.0 0.0 3.4 22.5 10:15 308 22 14.4 21.7 16:20 6.4 06:55 4.0 0.0 0.0 1.7 19.3 14:10 138 23 14.3 20.6 17:30 8.1 07:15 4.0 0.0 0.0 1.6 9.7 08:50 286 24 14.4 21.4 16:30 7.4 06:40 3.9 0.0 0.0 2.1 20.9 20:35 37 25 14.7 22.0 18:30 8.2 09:40 3.6 0.0 0.0 2.2 20.9 19:55 113 26 15.6 23.7 20:35 9.1 09:20 2.8 0.0 0.0 3.3 17.7 12:25 283 27 15.1 22.8 18:30 7.8 09:10 3.2 0.0 0.0 1.2 14.5 11:40 135 28 15.9 24.5 19:50 8.2 09:55 2.5 0.0 0.0 2.1 16.1 16:25 288 29 17.5 26.3 18:25 9.3 09:45 0.8 0.0 0.0 8.6 38.6 18:00 287 30 18.9 26.9 16:55 10.3 09:35 0.0 0.6 0.0 9.3 32.2 12:30 293 31 17.4 25.7 17:45 10.4 06:45 0.9 0.0 0.0 5.8 29.0 18:55 296 --------------------------------------------------------------------------------------- 12.4 26.9 30 0.4 07 183.4 0.6 8.1 3.7 67.6 06 247 Updated: 10/17/18 13:15:00