MONTHLY CLIMATOLOGICAL SUMMARY for Feb 2012 NAME: Castelnuovo Bocca d'Adda, Italia ELEV: 55 metri LAT: 45-06.60 N LONG: 009-52.14 E TEMPERATURE (°C), RAIN (mm), WIND SPEED (km/h) HEAT COOL AVG MEAN DEG DEG WIND DOM DAY TEMP HIGH TIME LOW TIME DAYS DAYS RAIN SPEED HIGH TIME DIR --------------------------------------------------------------------------------------- 01 -2.7 -1.6 00:20 -3.7 05:15 21.0 0.0 0.8 4.9 56.3 23:40 156 02 -2.2 -0.1 14:55 -6.2 23:35 20.5 0.0 2.3 1.5 57.9 00:30 206 03 -5.6 -2.3 15:50 -8.8 07:00 24.0 0.0 0.3 2.0 20.9 12:25 174 04 -5.6 -1.4 15:00 -9.9 07:15 23.9 0.0 0.3 2.2 20.9 18:45 189 05 -4.5 -1.3 15:05 -8.2 00:00 22.9 0.0 0.5 2.2 62.8 03:20 51 06 -9.0 -4.2 16:50 -13.4 09:55 27.3 0.0 0.0 2.6 11.3 15:35 287 07 -6.8 -3.3 20:55 -10.5 02:30 25.1 0.0 0.0 2.9 35.4 19:50 287 08 -2.7 2.6 16:40 -7.6 08:35 21.0 0.0 0.5 3.2 54.7 02:35 296 09 -3.9 1.9 17:15 -8.9 07:50 22.2 0.0 0.0 4.7 62.8 04:20 280 10 -2.6 -0.1 01:35 -4.4 08:40 20.9 0.0 0.0 8.9 61.2 05:15 135 11 -3.9 -1.8 14:30 -5.3 23:50 22.3 0.0 0.0 2.6 62.8 10:35 216 12 -4.5 -1.3 15:35 -8.4 08:20 22.8 0.0 0.3 1.1 59.5 11:20 122 13 -3.6 1.0 17:10 -8.4 09:05 21.9 0.0 0.0 2.7 43.5 01:10 285 14 -3.6 2.7 16:20 -8.8 08:20 21.9 0.0 0.0 1.6 62.8 09:50 270 15 0.5 8.0 23:40 -5.9 04:35 17.8 0.0 0.0 11.7 66.0 03:25 289 16 3.1 8.2 16:25 -1.9 08:30 15.2 0.0 0.0 4.5 35.4 01:15 153 17 2.4 7.8 15:40 -1.3 08:25 15.9 0.0 0.0 3.0 33.8 00:05 273 18 2.6 6.4 15:15 -0.9 09:25 15.7 0.0 0.0 2.3 56.3 02:30 68 19 3.5 5.1 17:50 1.5 02:50 14.9 0.0 3.0 2.1 56.3 13:35 238 20 2.5 4.3 00:50 0.3 15:20 15.9 0.0 16.8 4.5 62.8 10:00 136 21 4.4 9.4 17:15 0.9 00:55 13.9 0.0 0.0 1.5 11.3 04:55 270 22 4.8 11.8 17:00 -0.4 08:30 13.6 0.0 0.3 2.6 14.5 10:30 275 23 6.9 13.8 16:40 0.7 07:15 11.5 0.0 0.0 4.4 19.3 13:20 299 24 10.3 17.9 17:55 3.7 07:55 8.0 0.0 0.0 3.4 17.7 23:45 276 25 11.1 17.7 16:55 4.4 09:00 7.2 0.0 0.0 1.9 14.5 13:20 324 26 9.6 16.7 16:10 2.7 09:00 8.7 0.0 0.0 3.4 48.3 07:40 81 27 8.4 15.3 16:55 2.5 05:30 10.0 0.0 0.0 3.0 17.7 13:45 208 28 7.2 12.6 16:25 2.6 08:05 11.1 0.0 0.0 2.3 16.1 03:40 78 29 9.4 16.4 15:00 4.3 03:25 9.0 0.0 0.0 3.8 16.1 07:05 281 --------------------------------------------------------------------------------------- 0.9 17.9 24 -13.4 06 506.3 0.0 24.9 3.4 66.0 15 261 Updated: 10/17/18 13:15:00