MONTHLY CLIMATOLOGICAL SUMMARY for Jan 2012 NAME: Castelnuovo Bocca d'Adda, Italia ELEV: 55 metri LAT: 45-06.60 N LONG: 009-52.14 E TEMPERATURE (°C), RAIN (mm), WIND SPEED (km/h) HEAT COOL AVG MEAN DEG DEG WIND DOM DAY TEMP HIGH TIME LOW TIME DAYS DAYS RAIN SPEED HIGH TIME DIR --------------------------------------------------------------------------------------- 01 2.3 7.8 15:40 -1.4 09:20 16.0 0.0 0.0 1.3 62.8 08:15 349 02 3.0 4.2 15:50 1.6 00:30 15.4 0.0 7.4 1.1 14.5 06:10 82 03 1.3 2.9 05:25 -0.6 23:20 17.1 0.0 0.0 4.7 59.5 01:20 303 04 -0.2 2.9 17:20 -1.8 09:30 18.5 0.0 0.3 3.2 70.8 13:00 294 05 1.6 7.3 16:45 -2.5 07:15 16.8 0.0 0.8 3.6 49.9 11:50 274 06 7.3 11.1 15:40 4.6 04:15 11.0 0.0 0.3 17.4 56.3 13:20 308 07 5.5 9.8 15:05 2.7 23:25 12.8 0.0 0.0 6.2 24.1 05:50 294 08 6.2 12.7 15:20 2.2 23:45 12.1 0.0 0.0 4.9 29.0 07:05 292 09 5.1 11.2 16:05 0.4 06:50 13.2 0.0 0.0 2.9 16.1 11:50 290 10 4.8 12.3 16:45 0.8 07:55 13.5 0.0 0.0 3.6 19.3 15:05 296 11 3.3 9.6 16:05 -1.3 09:05 15.0 0.0 0.0 1.9 9.7 06:40 283 12 2.9 8.7 16:30 -1.1 09:45 15.4 0.0 0.0 2.3 16.1 21:30 285 13 3.4 8.1 15:05 0.6 09:15 14.9 0.0 0.0 2.3 14.5 01:25 266 14 -0.6 2.4 00:20 -3.4 05:45 18.9 0.0 0.3 2.7 61.2 02:30 308 15 -1.6 -0.9 15:15 -2.4 03:25 19.9 0.0 0.0 2.4 11.3 04:55 317 16 -0.9 2.0 16:15 -2.1 05:50 19.2 0.0 0.3 1.8 9.7 15:00 302 17 -1.1 1.2 17:05 -2.7 22:45 19.5 0.0 0.0 4.4 56.3 22:35 305 18 -2.5 -1.6 16:10 -3.3 11:05 20.9 0.0 0.0 0.3 46.7 07:45 235 19 -1.4 0.9 17:10 -3.3 06:25 19.8 0.0 0.0 0.7 59.5 15:05 279 20 0.3 11.4 16:45 -3.3 05:25 18.0 0.0 0.0 4.7 48.3 22:10 273 21 -0.4 4.0 05:20 -2.8 08:55 18.7 0.0 0.0 3.1 61.2 03:40 150 22 2.0 7.5 16:30 -2.6 01:10 16.3 0.0 0.3 2.6 46.7 06:10 118 23 0.9 5.1 16:55 -2.3 08:45 17.4 0.0 0.3 1.0 61.2 01:15 68 24 4.2 10.1 16:50 -0.7 01:35 14.2 0.0 0.0 3.9 62.8 00:40 310 25 4.8 11.3 16:05 0.6 08:00 13.5 0.0 0.0 1.4 9.7 00:15 253 26 0.4 2.1 23:05 -2.3 08:20 18.0 0.0 0.0 0.5 6.4 00:50 286 27 3.3 5.5 15:25 1.4 02:45 15.0 0.0 0.0 1.0 9.7 02:20 110 28 3.3 4.2 00:05 2.6 10:10 15.1 0.0 0.5 1.8 16.1 14:10 129 29 2.9 4.6 17:10 0.6 00:00 15.4 0.0 0.0 7.1 29.0 07:35 134 30 0.9 4.9 15:30 -2.1 07:55 17.4 0.0 0.0 2.3 20.9 15:10 124 31 -1.0 0.1 17:55 -2.4 20:20 19.4 0.0 0.0 6.3 70.8 20:05 136 --------------------------------------------------------------------------------------- 1.9 12.7 08 -3.4 14 508.4 0.0 10.2 3.3 70.8 04 292 Updated: 10/17/18 13:15:00