MONTHLY CLIMATOLOGICAL SUMMARY for Dec 2011 NAME: Castelnuovo Bocca d'Adda, Italia ELEV: 55 metri LAT: 45-06.60 N LONG: 009-52.14 E TEMPERATURE (°C), RAIN (mm), WIND SPEED (km/h) HEAT COOL AVG MEAN DEG DEG WIND DOM DAY TEMP HIGH TIME LOW TIME DAYS DAYS RAIN SPEED HIGH TIME DIR --------------------------------------------------------------------------------------- 01 3.8 6.6 19:30 1.3 04:30 14.5 0.0 0.3 0.8 11.3 12:55 295 02 6.8 8.2 16:10 5.7 07:25 11.5 0.0 0.3 0.8 61.2 22:20 128 03 7.3 8.7 16:45 4.9 23:20 11.0 0.0 0.3 1.3 49.9 05:35 121 04 5.9 6.8 14:50 4.9 08:15 12.4 0.0 0.3 1.1 48.3 02:10 241 05 7.8 11.2 16:10 5.3 08:25 10.5 0.0 0.0 6.7 62.8 05:45 291 06 6.8 11.2 14:55 2.7 09:20 11.6 0.0 0.0 2.6 22.5 00:15 285 07 4.9 10.6 16:05 0.8 07:25 13.4 0.0 0.0 2.2 16.1 02:20 268 08 7.4 14.2 15:20 3.9 03:05 11.0 0.0 0.0 5.5 30.6 08:40 273 09 4.2 6.6 16:35 -0.4 05:05 14.1 0.0 0.3 1.4 56.3 12:30 293 10 7.2 9.9 16:40 5.5 00:40 11.2 0.0 0.0 1.2 11.3 01:20 295 11 7.1 9.4 16:00 6.1 23:20 11.3 0.0 0.0 1.0 9.7 11:15 299 12 6.3 7.1 23:10 5.8 01:00 12.1 0.0 1.3 2.8 67.6 19:10 295 13 3.4 7.1 00:10 1.4 07:40 14.9 0.0 0.3 1.6 45.1 14:25 325 14 4.8 6.2 16:00 2.5 00:05 13.5 0.0 2.5 2.0 51.5 05:35 290 15 4.2 5.7 00:15 2.7 20:45 14.2 0.0 0.3 4.6 69.2 15:05 291 16 2.9 6.0 16:10 -0.4 05:35 15.4 0.0 1.0 2.0 62.8 22:55 284 17 6.8 10.1 15:35 2.9 23:50 11.6 0.0 0.0 16.1 51.5 01:10 280 18 2.6 5.5 15:00 -0.1 09:10 15.7 0.0 0.0 2.6 16.1 03:10 297 19 2.0 6.8 15:30 -1.2 07:35 16.3 0.0 0.0 3.5 19.3 04:35 301 20 0.1 2.7 14:30 -2.5 08:10 18.2 0.0 0.0 2.3 14.5 19:45 292 21 -0.2 3.1 14:45 -2.7 06:45 18.5 0.0 0.0 0.7 9.7 08:45 298 22 0.8 6.0 16:00 -2.9 08:05 17.6 0.0 0.0 1.6 9.7 11:25 293 23 1.1 6.3 16:05 -2.7 08:25 17.2 0.0 0.0 1.0 59.5 23:35 86 24 1.9 3.9 14:10 -0.3 01:45 16.4 0.0 0.0 1.7 61.2 21:35 320 25 2.5 9.1 16:20 -2.3 05:00 15.8 0.0 0.3 1.5 45.1 08:45 300 26 2.3 7.6 16:10 -1.7 06:10 16.1 0.0 0.0 2.4 17.7 11:10 284 27 3.3 7.9 15:50 -0.1 08:35 15.0 0.0 0.0 2.2 14.5 09:40 306 28 2.8 8.2 16:20 -0.4 08:50 15.5 0.0 0.0 2.2 9.7 10:30 292 29 0.2 2.6 16:40 -3.1 09:40 18.1 0.0 0.0 0.8 51.5 04:00 289 30 1.7 7.3 16:55 -3.3 09:05 16.6 0.0 0.3 3.2 57.9 06:25 293 31 2.8 7.6 16:15 -1.1 09:25 15.6 0.0 0.0 3.0 17.7 03:00 293 --------------------------------------------------------------------------------------- 3.9 14.2 08 -3.3 30 446.8 0.0 7.1 2.7 69.2 15 289 Updated: 10/17/18 13:15:00