MONTHLY CLIMATOLOGICAL SUMMARY for Nov 2011 NAME: Castelnuovo Bocca d'Adda, Italia ELEV: 55 metri LAT: 45-06.60 N LONG: 009-52.14 E TEMPERATURE (°C), RAIN (mm), WIND SPEED (km/h) HEAT COOL AVG MEAN DEG DEG WIND DOM DAY TEMP HIGH TIME LOW TIME DAYS DAYS RAIN SPEED HIGH TIME DIR --------------------------------------------------------------------------------------- 01 10.4 15.8 14:55 7.0 07:10 8.0 0.0 0.0 1.0 9.7 11:35 255 02 10.3 15.4 14:55 5.1 06:40 8.1 0.0 0.3 1.0 61.2 03:30 281 03 12.5 14.0 15:05 11.1 08:05 5.9 0.0 0.0 1.6 14.5 15:50 113 04 12.4 14.2 23:05 10.9 09:40 5.9 0.0 7.9 7.0 59.5 03:30 132 05 15.2 16.1 18:15 14.1 00:05 3.2 0.0 18.8 10.4 64.4 08:30 129 06 14.8 15.6 00:05 13.5 23:30 3.5 0.0 21.6 12.4 62.8 03:30 110 07 13.3 15.3 15:30 12.5 18:35 5.0 0.0 3.3 6.8 46.7 08:15 116 08 14.0 16.4 15:50 12.3 02:15 4.3 0.0 9.7 6.2 61.2 06:40 120 09 13.5 17.2 14:25 11.1 00:00 4.8 0.0 0.0 1.7 16.1 01:25 112 10 10.8 12.0 15:40 9.4 23:45 7.6 0.0 0.3 2.0 33.8 20:50 291 11 9.9 11.6 17:05 8.1 08:05 8.4 0.0 0.3 2.1 48.3 03:00 124 12 9.6 12.0 14:05 5.8 00:00 8.8 0.0 0.0 3.9 20.9 12:25 131 13 7.2 14.2 16:35 3.1 08:10 11.1 0.0 0.3 1.2 46.7 08:55 286 14 4.8 6.9 15:50 1.2 07:40 13.5 0.0 0.3 1.6 54.7 14:35 293 15 3.9 5.2 15:40 2.9 07:45 14.4 0.0 0.0 0.8 45.1 22:50 299 16 2.8 4.2 16:00 1.4 07:20 15.5 0.0 0.0 0.9 56.3 20:40 306 17 2.4 4.2 16:30 1.2 08:40 15.9 0.0 0.3 1.6 57.9 23:50 298 18 2.3 5.7 15:55 0.1 03:55 16.1 0.0 0.0 6.2 64.4 06:35 313 19 2.7 4.8 16:15 0.7 08:30 15.6 0.0 0.3 0.7 25.7 13:00 323 20 2.6 3.6 00:25 1.4 08:50 15.7 0.0 0.3 0.8 56.3 22:35 60 21 3.0 4.7 19:40 1.6 05:50 15.4 0.0 0.0 0.5 32.2 09:20 315 22 5.7 7.5 16:50 4.3 01:55 12.6 0.0 0.0 1.6 9.7 09:10 272 23 8.3 12.8 15:55 5.4 09:35 10.1 0.0 0.0 2.3 17.7 11:50 299 24 5.7 12.1 15:30 0.7 08:40 12.6 0.0 0.3 0.6 20.9 06:20 289 25 3.4 5.7 16:05 0.8 06:15 14.9 0.0 0.3 0.2 33.8 14:35 268 26 3.0 9.6 16:20 -0.3 09:05 15.3 0.0 0.5 0.8 62.8 07:25 300 27 4.2 9.9 16:40 1.3 01:40 14.1 0.0 0.3 0.6 61.2 12:35 300 28 3.8 8.0 15:50 0.8 07:25 14.5 0.0 0.3 1.4 51.5 04:45 92 29 3.2 5.3 16:00 0.8 07:05 15.1 0.0 0.3 1.1 51.5 03:00 286 30 2.6 4.6 15:40 0.8 09:25 15.7 0.0 0.0 1.4 57.9 10:05 294 --------------------------------------------------------------------------------------- 7.3 17.2 09 -0.3 26 331.8 0.0 65.0 2.7 64.4 05 124 Updated: 10/17/18 13:15:00