MONTHLY CLIMATOLOGICAL SUMMARY for Oct 2011 NAME: Castelnuovo Bocca d'Adda, Italia ELEV: 55 metri LAT: 45-06.60 N LONG: 009-52.14 E TEMPERATURE (°C), RAIN (mm), WIND SPEED (km/h) HEAT COOL AVG MEAN DEG DEG WIND DOM DAY TEMP HIGH TIME LOW TIME DAYS DAYS RAIN SPEED HIGH TIME DIR --------------------------------------------------------------------------------------- 01 20.2 27.8 17:55 14.0 09:00 0.0 1.8 0.0 2.2 16.1 11:15 288 02 20.7 28.0 18:10 14.6 08:55 0.0 2.4 0.0 1.8 14.5 11:25 281 03 21.0 28.9 18:45 14.3 09:50 0.0 2.7 0.0 1.3 14.5 12:15 315 04 20.6 28.9 18:30 14.6 09:20 0.0 2.3 0.0 1.8 14.5 12:30 302 05 20.8 27.9 17:50 14.8 09:50 0.0 2.4 0.0 1.4 9.7 11:20 305 06 20.1 26.0 18:40 14.8 09:30 0.0 1.8 0.0 2.5 20.9 17:15 300 07 18.6 23.1 15:45 12.4 00:00 0.0 0.3 0.0 8.5 51.5 14:35 333 08 14.3 21.2 19:10 9.0 05:15 4.0 0.0 0.0 8.7 38.6 17:20 298 09 13.5 20.6 19:30 7.0 09:55 4.8 0.0 0.0 3.7 22.5 18:50 297 10 14.1 21.1 18:20 8.2 10:00 4.2 0.0 0.0 2.1 25.7 17:45 329 11 16.6 25.0 18:20 9.1 07:40 1.8 0.0 0.0 2.3 11.3 15:30 128 12 17.7 26.4 18:35 10.4 09:10 0.6 0.0 0.0 1.2 11.3 17:15 163 13 17.7 23.7 16:50 12.4 09:50 0.7 0.0 0.0 2.4 20.9 17:40 121 14 15.4 17.8 00:15 13.1 00:00 2.9 0.0 0.0 12.1 38.6 13:45 128 15 12.0 15.2 18:35 8.5 09:30 6.3 0.0 0.0 6.4 37.0 04:20 132 16 9.9 16.4 17:45 4.1 08:45 8.4 0.0 0.0 3.2 22.5 16:05 140 17 10.1 16.2 18:25 4.6 09:30 8.2 0.0 0.0 1.7 16.1 16:10 122 18 10.2 17.2 17:10 4.1 09:55 8.1 0.0 0.0 1.6 14.5 11:30 305 19 11.7 13.7 18:50 10.1 03:50 6.6 0.0 0.8 2.1 32.2 20:10 125 20 11.8 16.4 15:10 8.8 00:00 6.5 0.0 4.6 4.7 61.2 01:05 160 21 9.2 14.0 16:35 4.6 10:35 9.1 0.0 0.3 1.8 20.9 15:45 143 22 8.5 13.6 17:15 4.5 07:10 9.8 0.0 0.0 1.4 19.3 15:25 146 23 7.7 13.9 17:55 1.8 08:30 10.6 0.0 0.0 1.0 12.9 17:10 130 24 7.4 11.4 14:15 3.6 05:40 10.9 0.0 2.5 1.3 61.2 22:30 117 25 8.5 9.3 18:00 8.1 19:10 9.8 0.0 39.6 1.4 62.8 01:15 25 26 10.4 13.2 19:25 7.8 00:55 7.9 0.0 2.5 5.0 45.1 01:40 302 27 12.5 16.4 18:30 9.7 10:20 5.9 0.0 0.0 1.1 14.5 15:05 272 28 11.5 17.1 16:40 7.5 07:15 6.8 0.0 0.3 1.1 8.0 08:30 279 29 10.7 15.6 17:40 7.3 05:45 7.6 0.0 0.3 1.3 62.8 04:50 310 30 10.0 12.9 16:30 7.3 03:55 8.3 0.0 0.3 0.4 49.9 09:35 11 31 11.1 16.2 16:00 8.5 01:40 7.2 0.0 0.3 1.3 67.6 02:05 315 --------------------------------------------------------------------------------------- 13.7 28.9 04 1.8 23 157.4 13.7 51.3 2.9 67.6 31 222 Updated: 10/17/18 13:15:00