MONTHLY CLIMATOLOGICAL SUMMARY for Jul 2011 NAME: Castelnuovo Bocca d'Adda, Italia ELEV: 55 metri LAT: 45-06.60 N LONG: 009-52.14 E TEMPERATURE (°C), RAIN (mm), WIND SPEED (km/h) HEAT COOL AVG MEAN DEG DEG WIND DOM DAY TEMP HIGH TIME LOW TIME DAYS DAYS RAIN SPEED HIGH TIME DIR --------------------------------------------------------------------------------------- 01 23.6 26.9 16:50 19.7 09:00 0.0 5.3 0.5 6.0 27.4 07:00 127 02 21.5 25.6 17:30 17.2 08:45 0.0 3.2 0.0 9.6 30.6 04:45 127 03 21.5 28.0 20:10 14.8 08:10 0.0 3.2 0.0 3.4 20.9 18:20 329 04 23.7 28.9 18:30 17.9 07:30 0.0 5.4 0.0 2.3 14.5 05:00 261 05 23.6 28.9 17:45 19.5 02:35 0.0 5.3 5.6 3.4 43.5 01:25 135 06 24.7 31.6 19:55 19.3 07:45 0.0 6.3 0.0 3.2 17.7 04:00 121 07 25.5 30.6 19:45 19.9 08:55 0.0 7.2 0.0 4.4 35.4 21:10 144 08 25.8 30.7 18:40 19.6 06:50 0.0 7.5 0.0 4.5 22.5 10:10 130 09 26.1 31.8 18:00 19.8 08:45 0.0 7.7 0.0 4.1 20.9 13:40 302 10 27.1 32.4 18:25 22.3 07:35 0.0 8.8 0.0 4.1 19.3 08:05 346 11 26.0 32.5 20:35 20.5 05:45 0.0 7.7 0.0 3.6 48.3 01:15 355 12 27.6 32.4 19:30 21.8 08:15 0.0 9.3 0.0 4.4 24.1 10:50 116 13 26.2 28.9 20:40 22.9 08:35 0.0 7.9 0.5 3.7 29.0 13:00 130 14 23.9 29.1 20:00 19.4 06:35 0.0 5.6 0.0 5.5 20.9 11:55 307 15 24.5 30.1 20:25 18.6 08:50 0.0 6.2 0.0 5.4 22.5 13:25 295 16 23.6 27.9 20:20 18.6 07:20 0.0 5.3 0.0 3.3 19.3 18:00 14 17 24.0 29.6 17:50 18.9 06:55 0.0 5.6 0.0 7.0 40.2 20:20 184 18 22.8 28.7 16:10 16.7 07:30 0.0 4.4 0.0 5.5 40.2 18:35 197 19 20.6 25.9 15:50 16.4 07:45 0.0 2.3 1.3 6.2 46.7 21:10 167 20 21.2 28.0 17:15 15.6 08:30 0.0 2.9 3.8 10.7 69.2 06:40 297 21 22.1 28.0 20:00 15.0 07:35 0.0 3.8 0.0 6.5 20.9 00:20 294 22 23.1 30.1 20:15 16.7 07:05 0.0 4.7 0.0 4.5 24.1 15:00 302 23 21.2 24.7 18:50 17.2 10:35 0.0 2.8 11.7 3.1 24.1 10:10 119 24 19.8 24.6 19:00 14.6 07:40 0.0 1.5 3.6 5.9 49.9 07:40 176 25 19.7 25.1 16:55 14.7 08:25 0.0 1.4 0.0 3.9 29.0 00:30 128 26 20.7 26.8 18:35 14.8 08:20 0.0 2.3 0.0 2.4 20.9 20:05 135 27 19.9 24.9 18:45 15.6 07:40 0.0 1.5 9.7 3.6 69.2 20:40 118 28 21.0 27.1 18:55 16.3 07:35 0.0 2.7 0.3 4.0 19.3 12:30 307 29 22.9 29.5 20:55 17.7 06:45 0.0 4.6 0.0 5.6 25.7 12:40 304 30 23.4 29.4 17:20 17.6 08:40 0.0 5.1 0.0 3.3 24.1 18:50 269 31 23.4 28.9 18:25 18.1 07:00 0.0 5.0 0.0 2.3 14.5 10:30 36 --------------------------------------------------------------------------------------- 23.3 32.5 11 14.6 24 0.0 152.4 36.8 4.7 69.2 20 198 Updated: 10/17/18 13:15:00