MONTHLY CLIMATOLOGICAL SUMMARY for Jan 2011 NAME: Castelnuovo Bocca d'Adda, Italia ELEV: 55 metri LAT: 45-06.60 N LONG: 009-52.14 E TEMPERATURE (°C), RAIN (mm), WIND SPEED (km/h) HEAT COOL AVG MEAN DEG DEG WIND DOM DAY TEMP HIGH TIME LOW TIME DAYS DAYS RAIN SPEED HIGH TIME DIR --------------------------------------------------------------------------------------- 01 2.5 4.9 15:40 0.8 05:15 15.9 0.0 0.0 0.7 8.0 12:50 326 02 1.3 3.3 18:35 -2.1 05:05 17.1 0.0 0.3 1.0 45.1 09:15 309 03 2.3 5.6 15:40 -0.2 10:00 16.0 0.0 0.0 2.9 57.9 10:10 74 04 -0.4 1.9 15:40 -2.1 09:05 18.7 0.0 0.0 0.5 9.7 13:10 124 05 -0.3 1.2 16:55 -2.7 02:40 18.7 0.0 0.3 0.2 4.8 00:40 176 06 0.7 1.5 15:50 0.2 01:45 17.6 0.0 0.0 1.3 30.6 23:25 284 07 1.3 2.2 17:00 0.3 00:20 17.0 0.0 1.5 1.4 61.2 07:00 284 08 2.8 4.2 16:55 1.8 02:20 15.5 0.0 0.3 2.3 16.1 12:05 298 09 4.0 5.7 16:05 2.9 04:50 14.3 0.0 0.0 1.2 14.5 19:30 146 10 4.4 5.2 16:15 3.6 03:35 14.0 0.0 24.9 1.9 54.7 06:30 238 11 6.3 9.3 15:30 4.6 02:20 12.0 0.0 1.0 3.5 17.7 08:55 304 12 4.3 6.6 16:30 1.6 05:20 14.0 0.0 0.3 1.8 54.7 13:25 314 13 3.3 4.6 00:40 1.5 09:45 15.0 0.0 0.0 1.7 53.1 12:00 348 14 3.3 4.2 15:30 2.7 03:40 15.0 0.0 0.3 1.0 54.7 19:40 132 15 4.1 5.2 16:50 2.6 01:10 14.2 0.0 0.0 1.5 56.3 06:00 235 16 3.6 4.6 00:30 2.0 23:55 14.7 0.0 0.3 1.8 61.2 13:30 296 17 1.5 2.3 15:25 0.4 09:35 16.9 0.0 0.0 1.3 57.9 22:35 294 18 0.3 2.2 17:00 -1.1 09:15 18.0 0.0 0.3 1.3 61.2 19:55 278 19 0.7 2.2 16:00 -0.6 04:55 17.6 0.0 0.0 0.7 53.1 16:25 300 20 2.5 4.1 16:25 1.3 08:30 15.9 0.0 5.3 1.7 29.0 05:55 262 21 2.1 5.7 14:55 -0.9 10:15 16.2 0.0 0.0 2.0 16.1 14:40 275 22 1.9 4.2 14:30 -0.1 06:30 16.4 0.0 0.0 1.0 19.3 14:00 147 23 0.7 5.7 17:00 -2.9 09:00 17.6 0.0 0.0 1.5 16.1 22:20 277 24 0.9 6.7 17:10 -2.6 09:20 17.4 0.0 0.0 3.4 17.7 11:00 264 25 0.5 3.6 16:05 -2.5 09:25 17.9 0.0 0.0 2.9 16.1 11:00 326 26 1.3 5.3 16:30 -1.8 09:25 17.0 0.0 1.3 2.9 56.3 22:35 170 27 3.2 5.5 15:35 2.0 05:45 15.1 0.0 0.3 1.4 14.5 00:35 104 28 3.8 6.8 15:30 1.7 06:45 14.5 0.0 0.0 3.3 29.0 13:15 138 29 2.5 4.6 15:55 1.0 08:05 15.8 0.0 0.0 1.9 16.1 13:55 128 30 0.5 2.0 00:05 0.1 07:30 17.8 0.0 5.1 0.4 48.3 09:10 260 31 2.3 4.8 16:10 0.5 00:15 16.1 0.0 1.8 3.3 64.4 02:30 278 --------------------------------------------------------------------------------------- 2.2 9.3 11 -2.9 23 500.0 0.0 42.9 1.7 64.4 31 280 Updated: 10/17/18 13:15:00