MONTHLY CLIMATOLOGICAL SUMMARY for Dec 2010 NAME: Castelnuovo Bocca d'Adda, Italia ELEV: 55 metri LAT: 45-06.60 N LONG: 009-52.14 E TEMPERATURE (°C), RAIN (mm), WIND SPEED (km/h) HEAT COOL AVG MEAN DEG DEG WIND DOM DAY TEMP HIGH TIME LOW TIME DAYS DAYS RAIN SPEED HIGH TIME DIR --------------------------------------------------------------------------------------- 01 1.0 3.6 00:05 0.1 08:25 17.3 0.0 9.4 2.1 54.7 00:25 300 02 0.0 1.0 16:00 -1.4 06:15 18.3 0.0 4.6 2.5 61.2 09:45 294 03 2.4 5.1 15:10 0.2 00:10 15.9 0.0 15.2 5.1 62.8 02:25 284 04 1.4 3.3 15:35 0.2 03:00 16.9 0.0 6.4 1.1 27.4 09:10 279 05 -0.1 1.0 17:05 -1.8 04:00 18.4 0.0 0.3 1.4 11.3 03:10 293 06 0.4 1.2 23:20 -0.1 09:25 17.9 0.0 5.3 5.7 64.4 21:45 297 07 2.9 4.0 15:05 1.1 00:05 15.4 0.0 0.8 6.4 61.2 00:20 300 08 5.0 6.2 15:35 3.8 00:05 13.4 0.0 0.3 2.7 16.1 23:35 297 09 7.5 13.4 14:15 3.7 23:30 10.8 0.0 0.3 8.7 40.2 12:00 306 10 4.6 11.1 16:15 0.1 06:45 13.7 0.0 0.0 6.9 32.2 12:15 291 11 2.8 7.4 16:00 -1.1 07:55 15.5 0.0 0.0 2.4 16.1 13:20 279 12 2.6 5.9 15:40 -0.7 09:25 15.7 0.0 0.0 4.1 19.3 00:25 152 13 2.7 9.5 15:45 -2.1 08:45 15.7 0.0 0.3 3.0 25.7 18:50 302 14 -0.3 2.4 15:15 -2.4 23:30 18.6 0.0 0.3 2.6 59.5 13:15 224 15 -2.9 -1.2 15:40 -3.9 23:55 21.2 0.0 0.0 3.0 14.5 16:20 305 16 -4.1 -2.2 16:10 -5.5 23:55 22.5 0.0 0.0 1.5 11.3 16:20 298 17 -4.1 -3.2 18:30 -5.7 03:45 22.5 0.0 0.0 2.1 17.7 00:00 321 18 -2.9 1.3 15:45 -5.7 05:25 21.2 0.0 0.3 5.0 22.5 06:55 309 19 -2.8 -0.9 22:00 -6.7 02:20 21.1 0.0 0.0 2.3 14.5 22:55 299 20 0.5 1.9 14:50 -1.2 02:10 17.9 0.0 0.3 4.0 24.1 05:35 291 21 1.4 1.9 13:50 0.8 22:50 16.9 0.0 1.5 1.8 56.3 18:20 340 22 1.7 2.7 19:25 0.8 01:10 16.6 0.0 12.2 5.6 67.6 09:45 302 23 3.2 4.2 17:10 2.4 03:00 15.2 0.0 20.8 2.7 61.2 00:45 301 24 5.3 6.6 23:20 3.8 00:10 13.0 0.0 10.2 3.5 64.4 13:35 26 25 6.6 7.4 14:55 6.2 05:25 11.7 0.0 5.3 3.7 57.9 22:15 344 26 3.7 6.2 00:05 1.4 23:45 14.6 0.0 8.9 10.8 70.8 15:50 130 27 -0.2 3.4 14:15 -2.5 09:00 18.5 0.0 0.3 2.5 19.3 11:10 300 28 -1.3 0.1 00:00 -3.1 09:35 19.7 0.0 0.0 2.3 14.5 02:05 294 29 0.7 1.8 17:05 -0.6 10:20 17.6 0.0 0.0 1.6 11.3 19:00 313 30 2.4 3.8 15:55 1.3 00:05 15.9 0.0 0.0 0.7 9.7 14:05 306 31 2.8 6.0 16:55 0.5 09:40 15.5 0.0 0.0 1.5 11.3 11:40 289 --------------------------------------------------------------------------------------- 1.4 13.4 09 -6.7 19 525.2 0.0 102.6 3.5 70.8 26 297 Updated: 10/17/18 13:15:00