MONTHLY CLIMATOLOGICAL SUMMARY for Oct 2010 NAME: Castelnuovo Bocca d'Adda, Italia ELEV: 55 metri LAT: 45-06.60 N LONG: 009-52.14 E TEMPERATURE (°C), RAIN (mm), WIND SPEED (km/h) HEAT COOL AVG MEAN DEG DEG WIND DOM DAY TEMP HIGH TIME LOW TIME DAYS DAYS RAIN SPEED HIGH TIME DIR --------------------------------------------------------------------------------------- 01 16.2 19.5 16:50 14.1 08:30 2.1 0.0 0.0 2.3 20.9 13:05 131 02 15.9 20.7 17:00 11.9 08:25 2.4 0.0 0.0 1.6 16.1 14:35 121 03 17.2 21.6 16:50 14.0 09:25 1.1 0.0 0.0 2.7 19.3 15:25 120 04 16.8 17.6 18:45 15.8 04:10 1.6 0.0 20.3 7.3 62.8 22:30 121 05 18.5 22.6 17:35 16.2 09:55 0.0 0.1 13.5 5.0 64.4 02:50 139 06 18.0 23.7 17:50 13.6 10:05 0.4 0.0 0.0 1.7 11.3 15:45 279 07 17.5 22.2 17:55 14.3 09:00 0.9 0.0 0.0 2.0 16.1 15:40 145 08 16.0 18.7 18:15 13.2 08:50 2.3 0.0 0.0 6.5 29.0 15:20 128 09 14.3 18.2 16:45 10.1 09:25 4.1 0.0 0.0 3.6 22.5 13:00 127 10 12.1 17.3 17:40 6.6 08:45 6.2 0.0 0.0 2.4 20.9 17:45 124 11 12.9 17.6 15:20 9.2 09:25 5.4 0.0 0.0 3.0 20.9 14:20 120 12 12.6 18.6 17:30 6.8 10:10 5.7 0.0 0.3 1.8 17.7 15:30 135 13 12.0 15.0 18:40 9.3 07:00 6.3 0.0 0.0 0.8 11.3 17:40 122 14 13.9 19.2 17:35 8.6 10:25 4.5 0.0 0.0 0.8 11.3 15:40 165 15 12.2 17.8 18:30 7.2 10:25 6.1 0.0 0.0 1.7 14.5 14:20 135 16 10.6 13.0 18:05 7.9 07:55 7.8 0.0 4.8 4.0 49.9 23:50 127 17 9.3 10.2 17:35 8.2 09:05 9.0 0.0 27.7 2.3 67.6 02:45 90 18 10.6 15.3 18:35 7.4 08:00 7.7 0.0 0.5 2.4 16.1 16:55 283 19 10.7 16.8 17:50 6.0 09:25 7.7 0.0 0.0 3.7 19.3 11:55 299 20 10.8 18.1 18:30 5.1 10:45 7.6 0.0 0.3 4.1 25.7 16:55 291 21 10.3 16.7 16:50 4.7 09:10 8.0 0.0 0.0 2.2 16.1 02:45 282 22 9.5 14.9 18:20 5.2 08:35 8.8 0.0 0.0 1.0 8.0 11:50 304 23 9.9 12.4 17:35 7.3 03:10 8.4 0.0 0.0 0.4 6.4 14:10 289 24 10.5 11.1 17:20 9.8 10:00 7.8 0.0 1.5 1.4 61.2 23:10 144 25 10.4 11.8 09:55 8.7 23:30 7.9 0.0 38.4 6.0 64.4 10:00 100 26 9.0 10.7 16:45 7.2 00:00 9.3 0.0 1.5 2.5 24.1 00:15 170 27 7.4 12.8 17:30 2.7 10:50 10.9 0.0 0.5 1.3 29.0 11:50 120 28 7.4 13.3 18:40 3.5 09:15 10.9 0.0 0.0 1.5 14.5 13:00 292 29 8.6 16.1 18:55 3.7 10:35 9.7 0.0 0.3 2.7 16.1 12:15 294 30 8.8 13.2 16:20 5.1 10:20 9.5 0.0 0.0 2.7 20.9 23:25 139 31 12.4 14.0 23:50 11.2 00:20 5.9 0.0 36.8 16.6 70.8 12:25 125 --------------------------------------------------------------------------------------- 12.3 23.7 06 2.7 27 186.1 0.1 146.3 3.2 70.8 31 131 Updated: 10/17/18 13:15:00