MONTHLY CLIMATOLOGICAL SUMMARY for Aug 2010 NAME: Castelnuovo Bocca d'Adda, Italia ELEV: 55 metri LAT: 45-06.60 N LONG: 009-52.14 E TEMPERATURE (°C), RAIN (mm), WIND SPEED (km/h) HEAT COOL AVG MEAN DEG DEG WIND DOM DAY TEMP HIGH TIME LOW TIME DAYS DAYS RAIN SPEED HIGH TIME DIR --------------------------------------------------------------------------------------- 01 23.9 30.4 18:00 17.2 07:40 0.0 5.6 0.0 1.9 14.5 16:45 83 02 25.0 30.9 18:30 19.1 09:20 0.0 6.6 0.0 2.4 14.5 15:50 73 03 24.8 31.0 18:35 20.2 05:40 0.0 6.5 0.0 6.1 27.4 12:55 283 04 23.5 28.2 19:25 19.1 08:15 0.0 5.1 21.8 5.3 24.1 06:55 124 05 18.8 23.3 00:05 16.4 18:00 0.0 0.5 16.8 6.7 38.0 10:55 123 06 20.5 27.8 20:00 15.9 04:10 0.0 2.2 0.5 3.7 20.9 12:25 292 07 21.6 28.3 20:35 15.2 08:25 0.0 3.3 0.0 3.5 16.1 13:10 290 08 23.0 28.8 18:20 17.0 08:55 0.0 4.6 0.0 2.8 14.5 18:30 54 09 24.2 30.2 19:10 18.3 08:35 0.0 5.9 0.0 2.5 17.7 01:35 283 10 24.9 30.7 19:20 19.9 08:25 0.0 6.6 0.0 2.2 16.1 13:10 109 11 24.7 30.3 15:50 20.6 08:45 0.0 6.4 0.3 2.7 25.7 18:15 112 12 23.8 28.9 18:20 20.2 09:05 0.0 5.4 0.0 3.6 24.1 19:35 37 13 20.7 23.8 19:10 18.6 10:15 0.0 2.4 13.2 4.5 24.1 01:00 106 14 19.0 20.2 22:55 18.2 05:35 0.0 0.6 43.7 7.8 32.2 16:30 118 15 20.9 26.8 16:25 15.7 09:15 0.0 2.6 9.4 6.3 37.0 01:40 160 16 19.1 24.1 20:15 14.7 07:00 0.0 0.8 1.5 3.6 37.0 02:50 328 17 20.8 26.6 18:50 15.3 07:20 0.0 2.5 0.0 3.0 19.3 16:35 314 18 22.4 27.7 21:15 17.2 08:15 0.0 4.1 0.0 2.5 11.3 01:35 270 19 23.6 28.9 17:20 18.6 08:55 0.0 5.2 0.0 2.2 14.5 23:00 348 20 24.3 28.4 19:50 21.0 07:25 0.0 6.0 0.0 2.4 11.3 13:35 302 21 25.3 30.8 18:35 20.7 08:50 0.0 7.0 0.0 2.6 16.1 14:30 295 22 26.1 32.2 17:45 20.6 08:45 0.0 7.8 0.0 2.0 14.5 11:40 162 23 26.4 32.4 20:30 20.4 09:15 0.0 8.0 0.0 1.9 14.5 21:25 149 24 25.4 30.6 18:55 20.2 08:15 0.0 7.1 0.0 3.3 17.7 22:40 336 25 25.6 31.0 18:45 20.8 08:05 0.0 7.2 0.0 1.9 16.1 18:00 344 26 26.3 31.7 19:55 21.1 08:30 0.0 8.0 0.0 2.5 11.3 10:10 6 27 25.8 30.1 19:25 21.6 08:20 0.0 7.5 0.0 3.1 22.5 16:05 351 28 25.7 32.3 18:10 20.8 07:00 0.0 7.3 0.0 8.9 35.4 19:05 291 29 21.7 25.7 19:30 18.2 06:00 0.0 3.3 0.0 8.1 38.6 00:15 120 30 20.4 26.4 16:25 14.6 08:20 0.0 2.0 0.0 7.5 40.2 18:20 317 31 19.1 27.4 20:00 12.3 06:45 0.0 0.7 0.0 4.2 25.7 16:50 306 --------------------------------------------------------------------------------------- 23.1 32.4 23 12.3 31 0.0 149.0 107.2 3.9 40.2 30 34 Updated: 10/17/18 13:15:00