MONTHLY CLIMATOLOGICAL SUMMARY for May 2010 NAME: Castelnuovo Bocca d'Adda, Italia ELEV: 55 metri LAT: 45-06.60 N LONG: 009-52.14 E TEMPERATURE (°C), RAIN (mm), WIND SPEED (km/h) HEAT COOL AVG MEAN DEG DEG WIND DOM DAY TEMP HIGH TIME LOW TIME DAYS DAYS RAIN SPEED HIGH TIME DIR --------------------------------------------------------------------------------------- 01 18.8 23.3 16:50 13.7 08:40 0.0 0.5 0.0 2.6 16.1 15:15 52 02 17.5 19.5 14:05 15.4 09:25 0.9 0.0 0.0 9.6 38.6 23:25 137 03 17.5 22.6 19:15 14.5 08:55 0.8 0.0 0.3 7.2 35.4 02:20 135 04 15.1 17.3 19:20 0.0 21:40 3.2 0.0 58.2 10.7 35.4 09:00 111 05 14.4 17.4 16:05 10.9 16:50 4.0 0.0 36.8 11.8 56.3 14:45 113 06 13.0 17.7 16:35 9.4 08:50 5.3 0.0 0.0 4.1 25.7 18:15 268 07 13.1 17.3 19:45 9.9 07:55 5.3 0.0 0.5 3.2 27.4 20:40 164 08 14.3 18.6 20:15 10.7 06:50 4.0 0.0 0.0 2.8 22.5 17:10 305 09 14.6 18.3 15:30 11.9 04:20 3.7 0.0 1.5 2.5 22.5 16:20 161 10 14.7 17.6 19:25 12.8 07:35 3.6 0.0 6.4 5.9 57.9 05:10 118 11 15.6 18.2 18:40 13.8 08:10 2.8 0.0 1.8 11.5 38.6 19:25 133 12 15.7 20.7 16:45 12.9 08:15 2.7 0.0 11.7 5.3 25.7 17:05 107 13 15.2 18.6 18:50 12.4 05:15 3.1 0.0 0.3 3.2 22.5 17:50 313 14 16.0 19.9 20:10 11.8 08:20 2.4 0.0 7.1 4.4 49.9 15:00 96 15 13.8 17.6 18:40 11.2 08:30 4.6 0.0 3.8 6.2 30.6 14:55 287 16 16.8 23.3 19:45 11.2 07:45 1.5 0.0 0.0 4.7 24.1 01:20 256 17 17.8 23.3 19:45 12.6 08:50 0.6 0.0 0.0 8.1 27.4 15:35 277 18 18.2 24.3 18:30 11.2 08:40 0.2 0.0 0.0 8.2 27.4 13:40 295 19 16.5 19.5 17:55 13.6 11:15 1.8 0.0 0.0 5.2 25.7 02:05 191 20 17.1 22.9 17:00 11.6 07:45 1.2 0.0 0.0 2.7 17.7 18:35 181 21 19.4 26.9 20:50 12.1 07:55 0.0 1.1 0.0 2.2 11.3 09:50 194 22 20.6 27.3 18:00 13.4 08:40 0.0 2.3 0.0 1.9 11.3 14:05 129 23 22.6 28.6 19:10 17.1 08:35 0.0 4.2 0.0 3.3 19.3 04:20 149 24 22.7 29.5 19:10 15.9 07:45 0.0 4.4 0.0 4.1 20.9 17:20 277 25 22.5 29.8 18:25 15.5 07:45 0.0 4.2 0.0 4.9 35.4 20:00 250 26 22.3 28.1 17:35 15.4 06:15 0.0 3.9 0.0 3.8 25.7 20:25 257 27 18.5 23.7 13:10 14.5 06:20 0.0 0.2 5.8 3.4 22.5 14:20 306 28 19.0 24.3 19:00 13.2 07:55 0.0 0.7 0.3 2.4 16.1 18:05 90 29 20.1 26.1 17:50 16.2 08:05 0.0 1.8 0.0 4.5 29.0 18:05 207 30 19.6 26.0 20:25 15.2 06:55 0.0 1.3 0.0 5.1 30.6 17:45 294 31 22.1 26.8 20:00 16.1 08:25 0.0 3.7 0.0 12.3 48.3 14:30 314 --------------------------------------------------------------------------------------- 17.6 29.8 25 0.0 04 51.8 28.2 134.4 5.4 57.9 10 178 Updated: 10/17/18 13:15:00