MONTHLY CLIMATOLOGICAL SUMMARY for Mar 2010 NAME: Castelnuovo Bocca d'Adda, Italia ELEV: 55 metri LAT: 45-06.60 N LONG: 009-52.14 E TEMPERATURE (°C), RAIN (mm), WIND SPEED (km/h) HEAT COOL AVG MEAN DEG DEG WIND DOM DAY TEMP HIGH TIME LOW TIME DAYS DAYS RAIN SPEED HIGH TIME DIR --------------------------------------------------------------------------------------- 01 7.1 12.4 16:10 2.9 05:45 11.2 0.0 0.0 4.0 19.3 00:10 274 02 10.1 16.4 17:45 4.9 08:00 8.3 0.0 0.0 3.4 14.5 08:15 304 03 6.8 9.4 00:05 4.9 05:25 11.5 0.0 12.7 8.3 39.4 21:35 110 04 6.4 8.2 17:25 5.3 05:45 11.9 0.0 10.9 8.6 43.5 00:20 109 05 4.3 8.0 04:55 0.6 23:55 14.0 0.0 15.5 6.3 32.2 05:45 156 06 3.3 8.9 18:10 -1.6 07:30 15.0 0.0 0.3 4.8 32.2 22:10 185 07 4.0 6.8 15:30 1.8 09:00 14.3 0.0 0.0 13.3 45.1 13:00 130 08 2.3 5.6 16:15 -0.6 07:50 16.0 0.0 0.0 9.8 35.4 02:20 132 09 0.8 3.1 12:45 -0.6 03:10 17.5 0.0 0.0 16.4 48.3 15:00 120 10 0.3 1.6 14:35 -0.4 00:25 18.0 0.0 9.7 4.3 35.4 00:45 128 11 1.9 5.3 17:45 -0.2 08:10 16.5 0.0 8.1 2.6 20.9 00:15 283 12 2.5 7.4 15:15 -1.4 08:00 15.8 0.0 0.0 2.7 14.5 03:55 243 13 4.5 10.4 15:25 -0.6 08:10 13.8 0.0 0.0 2.8 16.1 16:05 227 14 6.3 13.7 17:35 0.3 08:20 12.0 0.0 0.0 2.0 14.5 16:45 248 15 7.9 14.9 18:00 2.2 08:50 10.5 0.0 0.0 3.1 19.3 16:30 251 16 9.1 16.4 17:45 2.9 08:10 9.3 0.0 0.0 8.5 35.4 12:30 285 17 9.5 15.5 17:30 3.1 08:25 8.8 0.0 0.0 3.2 19.3 15:05 300 18 10.8 16.1 16:00 5.1 06:15 7.5 0.0 0.0 2.8 16.1 15:55 313 19 10.1 14.1 15:40 5.4 06:55 8.2 0.0 0.0 2.2 11.3 15:15 259 20 11.3 12.8 16:35 9.7 04:40 7.0 0.0 0.0 1.3 9.7 00:15 280 21 10.5 11.3 16:00 9.9 05:40 7.8 0.0 2.0 1.7 38.6 13:05 280 22 11.1 12.6 17:50 10.1 06:20 7.2 0.0 20.6 0.6 8.0 12:25 145 23 12.7 16.6 16:25 10.9 08:45 5.7 0.0 1.8 1.0 11.3 16:30 158 24 13.7 19.1 16:35 7.9 07:55 4.6 0.0 0.0 2.2 22.5 17:10 131 25 13.6 17.9 15:30 9.6 06:45 4.8 0.0 0.0 3.4 16.1 12:30 128 26 13.6 17.1 17:15 10.8 08:05 4.7 0.0 0.3 10.0 43.5 15:15 155 27 13.0 18.5 15:10 7.1 07:20 5.4 0.0 0.0 3.7 17.7 13:05 282 28 14.5 21.3 20:05 8.3 07:55 3.9 0.0 0.0 5.4 24.1 13:40 304 29 13.3 17.3 20:10 7.9 08:25 5.0 0.0 0.0 2.5 19.3 10:40 334 30 12.7 15.6 17:05 9.8 09:30 5.7 0.0 3.8 6.4 43.5 19:25 136 31 11.8 18.4 19:30 6.2 08:00 6.6 0.0 0.3 7.1 33.8 17:05 294 --------------------------------------------------------------------------------------- 8.4 21.3 28 -1.6 06 308.4 0.0 85.9 5.0 48.3 09 151 Updated: 10/17/18 13:15:00