MONTHLY CLIMATOLOGICAL SUMMARY for Jan 2010 NAME: Castelnuovo Bocca d'Adda, Italia ELEV: 55 metri LAT: 45-06.60 N LONG: 009-52.14 E TEMPERATURE (°C), RAIN (mm), WIND SPEED (km/h) HEAT COOL AVG MEAN DEG DEG WIND DOM DAY TEMP HIGH TIME LOW TIME DAYS DAYS RAIN SPEED HIGH TIME DIR --------------------------------------------------------------------------------------- 01 4.4 5.7 22:10 3.3 06:35 14.0 0.0 3.6 3.9 16.1 07:40 280 02 4.2 10.1 13:55 0.6 00:00 14.1 0.0 0.3 7.0 46.7 15:40 287 03 0.3 3.1 15:00 -1.8 08:40 18.1 0.0 0.0 2.6 16.1 00:50 291 04 -0.5 -0.1 09:50 -0.9 01:55 18.8 0.0 0.0 2.1 14.5 10:25 287 05 0.0 1.1 15:40 -0.6 03:55 18.3 0.0 0.0 3.5 14.5 13:05 263 06 1.1 3.7 16:40 -0.4 07:40 17.3 0.0 2.3 1.2 9.7 14:55 177 07 1.7 4.8 15:05 -1.3 08:40 16.6 0.0 2.5 2.6 16.1 10:15 295 08 1.2 2.7 02:55 0.2 07:35 17.1 0.0 31.2 5.3 24.1 17:20 276 09 2.7 4.2 22:20 1.4 00:30 15.6 0.0 23.4 6.5 24.1 11:50 236 10 3.4 8.0 15:55 -0.4 08:20 14.9 0.0 0.0 6.4 25.7 00:05 262 11 1.2 3.8 15:35 -1.1 08:45 17.1 0.0 0.3 3.5 17.7 11:35 275 12 2.4 4.5 16:05 1.0 09:25 15.9 0.0 0.0 2.7 14.5 13:05 286 13 2.2 3.4 16:25 1.3 09:35 16.2 0.0 2.8 4.7 17.7 12:15 277 14 2.8 3.8 15:40 1.7 01:40 15.5 0.0 0.3 3.0 16.1 00:20 280 15 3.8 7.4 16:05 1.2 23:15 14.6 0.0 0.0 2.4 16.1 01:25 273 16 1.5 4.2 15:15 -0.9 03:30 16.8 0.0 0.3 1.5 14.5 16:15 97 17 2.6 4.0 17:10 1.5 05:05 15.7 0.0 0.0 2.9 11.3 05:20 269 18 -0.5 2.8 00:05 -2.1 22:55 18.8 0.0 0.0 3.1 17.7 23:00 290 19 -1.7 -0.9 16:10 -2.3 09:25 20.0 0.0 0.0 2.7 16.1 00:25 292 20 -1.4 -0.2 20:55 -2.3 03:20 19.7 0.0 0.3 0.0 9.7 00:55 281 21 -1.0 -0.4 01:35 -1.5 10:15 19.4 0.0 0.0 0.2 9.7 21:55 136 22 -0.9 -0.1 17:15 -1.7 06:55 19.3 0.0 0.0 3.4 16.1 14:35 271 23 -0.1 2.1 16:20 -1.2 23:50 18.4 0.0 0.0 6.8 22.5 14:30 283 24 -0.5 1.3 15:45 -3.6 06:40 18.9 0.0 0.3 1.8 25.7 11:35 59 25 0.6 1.3 17:55 0.2 08:55 17.7 0.0 0.0 2.3 9.7 03:30 105 26 1.0 2.9 15:40 -0.1 06:45 17.4 0.0 0.3 2.6 19.3 17:20 135 27 1.2 4.5 15:40 -1.4 09:35 17.2 0.0 0.0 2.3 20.9 13:00 138 28 0.8 4.7 16:10 -1.5 06:10 17.6 0.0 0.0 4.1 20.9 11:55 244 29 0.1 2.9 13:20 -2.4 08:10 18.2 0.0 0.0 1.8 9.7 00:10 104 30 1.0 4.2 15:50 -0.6 00:30 17.3 0.0 2.3 2.3 19.3 11:35 291 31 -0.5 3.1 15:05 -6.7 00:00 18.8 0.0 5.3 2.5 22.5 12:55 203 --------------------------------------------------------------------------------------- 1.1 10.1 02 -6.7 01 535.4 0.0 75.2 3.2 46.7 02 273 Updated: 10/17/18 13:15:00