MONTHLY CLIMATOLOGICAL SUMMARY for Dec 2009 NAME: Castelnuovo Bocca d'Adda, Italia ELEV: 55 metri LAT: 45-06.60 N LONG: 009-52.14 E TEMPERATURE (°C), RAIN (mm), WIND SPEED (km/h) HEAT COOL AVG MEAN DEG DEG WIND DOM DAY TEMP HIGH TIME LOW TIME DAYS DAYS RAIN SPEED HIGH TIME DIR --------------------------------------------------------------------------------------- 01 8.4 10.6 22:05 6.0 06:20 9.9 0.0 0.0 5.3 29.0 21:40 276 02 6.2 10.9 16:00 3.2 07:20 12.1 0.0 0.0 2.5 16.1 13:00 285 03 4.4 6.3 16:35 1.4 07:00 14.0 0.0 1.0 3.5 17.7 12:25 278 04 4.4 5.2 00:05 3.5 11:55 13.9 0.0 27.7 5.6 29.0 07:20 263 05 5.2 8.9 12:45 1.6 22:15 13.1 0.0 0.0 3.5 19.3 15:00 279 06 3.9 6.2 14:35 1.1 04:35 14.5 0.0 0.3 2.1 14.5 13:05 269 07 6.3 6.9 13:45 5.7 00:05 12.0 0.0 4.8 2.1 11.3 01:30 288 08 7.0 9.8 16:05 5.7 23:25 11.4 0.0 2.0 8.4 38.6 14:20 280 09 6.7 12.2 15:15 2.8 09:00 11.7 0.0 0.0 4.1 20.9 01:10 280 10 4.5 9.6 16:15 1.1 08:35 13.8 0.0 0.0 2.8 16.1 12:05 274 11 3.5 7.8 15:05 -0.2 08:35 14.8 0.0 0.3 2.8 17.7 09:50 289 12 4.0 7.7 14:25 0.4 07:35 14.3 0.0 0.0 4.7 19.3 14:20 104 13 4.2 6.4 14:00 2.4 23:25 14.1 0.0 0.3 6.5 29.0 13:25 115 14 2.2 3.1 12:35 1.0 23:40 16.1 0.0 0.0 2.6 20.9 01:55 147 15 0.6 3.8 16:20 -1.2 07:55 17.7 0.0 0.0 0.8 8.0 14:10 310 16 -0.2 4.1 15:10 -3.3 08:00 18.6 0.0 0.3 1.6 9.7 11:10 112 17 -0.4 0.8 00:35 -2.3 22:25 18.7 0.0 1.5 1.4 11.3 00:25 64 18 -1.9 0.9 13:35 -3.4 01:55 20.2 0.0 1.3 5.3 32.2 18:35 90 19 -3.3 -1.8 13:40 -4.9 18:35 21.6 0.0 3.6 3.8 22.5 00:30 274 20 -5.6 -3.4 00:10 -7.7 21:10 23.9 0.0 0.0 4.7 17.7 15:10 272 21 -6.2 -4.4 23:50 -8.1 03:35 24.6 0.0 0.0 1.9 11.3 14:05 263 22 -2.4 -0.4 23:40 -4.9 03:45 20.8 0.0 0.0 5.6 22.5 09:30 289 23 1.6 4.3 14:40 -0.6 00:05 16.7 0.0 21.1 3.3 22.5 21:55 113 24 1.9 2.4 14:05 1.5 03:55 16.5 0.0 18.5 3.0 17.7 04:55 293 25 3.7 7.5 21:55 1.3 01:20 14.6 0.0 1.8 6.8 37.0 21:55 276 26 3.0 6.2 00:55 1.1 08:40 15.3 0.0 0.0 4.7 22.5 00:55 285 27 2.6 7.6 16:30 0.3 06:45 15.8 0.0 0.0 3.1 14.5 01:35 278 28 0.3 2.4 14:00 -2.3 05:35 18.0 0.0 0.3 1.8 11.3 14:35 85 29 2.1 3.1 14:55 1.2 00:05 16.3 0.0 0.0 3.6 17.7 15:00 275 30 3.0 3.7 20:45 2.7 00:35 15.3 0.0 3.3 2.8 19.3 20:25 291 31 2.9 3.8 15:35 1.1 10:20 15.4 0.0 0.0 2.4 19.3 02:10 276 --------------------------------------------------------------------------------------- 2.3 12.2 09 -8.1 21 495.6 0.0 87.9 3.6 38.6 08 277 Updated: 10/17/18 13:15:00