MONTHLY CLIMATOLOGICAL SUMMARY for Nov 2009 NAME: Castelnuovo Bocca d'Adda, Italia ELEV: 55 metri LAT: 45-06.60 N LONG: 009-52.14 E TEMPERATURE (°C), RAIN (mm), WIND SPEED (km/h) HEAT COOL AVG MEAN DEG DEG WIND DOM DAY TEMP HIGH TIME LOW TIME DAYS DAYS RAIN SPEED HIGH TIME DIR --------------------------------------------------------------------------------------- 01 8.8 14.6 15:25 4.5 05:45 9.5 0.0 0.3 0.9 8.0 09:25 245 02 8.9 9.6 00:05 8.4 01:25 9.4 0.0 22.1 7.1 33.8 15:55 108 03 9.7 15.5 17:00 5.1 08:25 8.7 0.0 0.3 4.6 30.6 03:00 278 04 7.8 10.1 16:40 6.1 01:40 10.5 0.0 0.0 2.6 16.1 15:10 149 05 8.3 12.3 14:35 4.0 06:00 10.0 0.0 4.1 1.7 16.1 08:00 100 06 9.0 10.4 17:20 8.1 06:40 9.3 0.0 24.6 3.2 16.1 00:50 343 07 8.8 11.9 13:05 5.1 08:30 9.5 0.0 2.0 4.0 20.9 17:10 96 08 9.1 9.8 17:15 8.4 22:15 9.2 0.0 30.7 8.7 32.2 04:20 83 09 9.0 10.7 12:35 8.0 08:25 9.3 0.0 7.4 4.8 25.7 06:40 109 10 8.8 12.2 17:30 6.1 09:30 9.5 0.0 0.0 3.4 17.7 11:05 280 11 7.7 13.4 17:30 3.5 08:15 10.6 0.0 0.0 2.2 19.3 12:35 287 12 7.5 12.2 16:55 3.5 09:10 10.8 0.0 0.0 2.6 16.1 12:10 269 13 8.4 10.6 16:30 6.6 02:35 9.9 0.0 0.0 1.2 9.7 10:40 83 14 9.1 10.3 17:00 8.3 02:25 9.2 0.0 2.0 2.0 11.3 14:15 284 15 10.2 11.8 14:20 8.8 00:40 8.1 0.0 0.0 1.9 11.3 01:40 279 16 11.0 12.3 15:35 10.2 05:50 7.3 0.0 0.0 2.5 14.5 12:35 288 17 11.9 14.5 14:40 10.3 04:45 6.5 0.0 0.0 0.4 8.0 15:05 176 18 10.8 12.2 16:15 9.1 10:00 7.5 0.0 0.0 2.7 14.5 10:50 144 19 11.7 14.5 14:50 10.2 02:00 6.6 0.0 0.0 1.1 11.3 01:20 144 20 12.4 14.0 15:55 11.4 02:35 5.9 0.0 0.0 0.6 9.7 15:05 190 21 11.2 11.9 00:15 10.3 00:00 7.1 0.0 0.0 1.4 9.7 23:50 232 22 9.7 10.3 00:05 9.0 06:50 8.7 0.0 0.0 1.4 8.0 02:05 238 23 9.4 9.9 00:25 8.9 19:20 9.0 0.0 0.0 3.9 22.5 07:50 270 24 9.1 9.7 12:55 8.2 07:40 9.2 0.0 0.0 3.6 20.9 07:20 278 25 8.7 9.5 13:50 8.0 08:35 9.6 0.0 0.0 1.8 14.5 22:00 123 26 8.0 8.7 16:00 7.2 03:50 10.4 0.0 7.4 2.4 16.1 00:35 142 27 9.4 11.6 15:15 8.1 23:55 9.0 0.0 0.0 2.3 17.7 13:30 282 28 9.4 12.5 15:45 7.5 00:00 8.9 0.0 0.0 3.3 20.9 13:35 272 29 9.0 10.9 16:35 6.8 01:30 9.3 0.0 21.1 9.1 33.8 21:45 107 30 11.1 13.3 12:50 9.5 22:00 7.2 0.0 22.6 7.6 33.8 00:25 114 --------------------------------------------------------------------------------------- 9.5 15.5 03 3.5 11 266.0 0.0 144.5 3.2 33.8 02 137 Updated: 10/17/18 13:15:00