MONTHLY CLIMATOLOGICAL SUMMARY for Oct 2009 NAME: Castelnuovo Bocca d'Adda, Italia ELEV: 55 metri LAT: 45-06.60 N LONG: 009-52.14 E TEMPERATURE (°C), RAIN (mm), WIND SPEED (km/h) HEAT COOL AVG MEAN DEG DEG WIND DOM DAY TEMP HIGH TIME LOW TIME DAYS DAYS RAIN SPEED HIGH TIME DIR --------------------------------------------------------------------------------------- 01 02 03 04 05 06 07 08 09 10 11 12 13 14 9.5 9.6 23:55 9.4 23:40 8.9 0.0 0.0 0.3 4.8 23:55 90 15 8.9 14.2 18:15 4.5 09:20 9.5 0.0 0.0 2.3 19.3 16:25 120 16 8.4 15.1 18:05 2.7 09:10 9.9 0.0 0.0 1.8 17.7 16:30 226 17 8.8 14.8 16:15 2.8 09:45 9.5 0.0 0.0 2.2 14.5 15:55 129 18 9.5 15.4 17:45 4.2 09:50 8.8 0.0 0.0 2.4 17.7 15:45 247 19 8.7 14.7 18:00 2.9 10:55 9.7 0.0 0.0 2.3 19.3 15:00 126 20 7.1 11.1 17:05 2.7 09:00 11.3 0.0 0.0 1.1 11.3 06:50 257 21 8.8 10.4 16:30 7.3 21:00 9.6 0.0 17.3 3.0 22.5 21:45 138 22 9.3 12.8 18:35 7.7 10:45 9.1 0.0 18.5 6.3 35.4 03:00 286 23 9.8 12.0 18:00 7.6 07:30 8.5 0.0 0.3 3.1 17.7 17:35 279 24 11.9 19.1 18:30 5.9 10:20 6.5 0.0 0.3 2.4 17.7 00:50 287 25 13.4 20.6 16:05 8.9 08:10 4.9 0.0 0.0 1.8 11.3 08:50 246 26 13.2 20.2 16:05 8.4 08:35 5.1 0.0 0.3 1.9 14.5 09:35 278 27 11.6 18.5 15:55 6.2 08:10 6.7 0.0 0.3 0.9 8.0 06:30 271 28 11.1 15.9 16:25 8.4 08:20 7.2 0.0 0.3 2.2 11.3 15:40 277 29 11.9 17.3 15:50 7.8 08:30 6.4 0.0 0.3 1.2 9.7 11:45 269 30 10.5 15.5 16:05 7.3 04:55 7.8 0.0 0.3 1.9 16.1 15:00 118 31 10.8 14.2 15:45 8.3 00:00 7.6 0.0 0.0 2.2 14.5 10:20 120 --------------------------------------------------------------------------------------- 10.2 20.6 25 2.7 16 146.9 0.0 37.6 2.3 35.4 22 248 Updated: 10/17/18 13:15:00